Last updated on 2025-11-26 05:51:39 CET.
| Flavor | Version | Tinstall | Tcheck | Ttotal | Status | Flags |
|---|---|---|---|---|---|---|
| r-devel-linux-x86_64-debian-clang | 0.1.1 | 1.97 | 25.15 | 27.12 | OK | |
| r-devel-linux-x86_64-debian-gcc | 0.1.1 | 1.42 | 20.46 | 21.88 | OK | |
| r-devel-linux-x86_64-fedora-clang | 0.1.1 | 37.95 | NOTE | |||
| r-devel-linux-x86_64-fedora-gcc | 0.1.1 | 40.29 | NOTE | |||
| r-devel-windows-x86_64 | 0.1.1 | 4.00 | 50.00 | 54.00 | OK | |
| r-patched-linux-x86_64 | 0.1.1 | 2.02 | 24.12 | 26.14 | OK | |
| r-release-linux-x86_64 | 0.1.1 | 1.43 | 23.75 | 25.18 | OK | |
| r-release-macos-arm64 | 0.1.1 | OK | ||||
| r-release-macos-x86_64 | 0.1.1 | 2.00 | 26.00 | 28.00 | OK | |
| r-release-windows-x86_64 | 0.1.1 | 6.00 | 62.00 | 68.00 | OK | |
| r-oldrel-macos-arm64 | 0.1.1 | OK | ||||
| r-oldrel-macos-x86_64 | 0.1.1 | 2.00 | 22.00 | 24.00 | OK | |
| r-oldrel-windows-x86_64 | 0.1.1 | 4.00 | 53.00 | 57.00 | OK |
Version: 0.1.1
Check: dependencies in R code
Result: NOTE
Namespaces in Imports field not imported from:
‘fdrtool’ ‘nimble’
All declared Imports should be used.
Flavors: r-devel-linux-x86_64-fedora-clang, r-devel-linux-x86_64-fedora-gcc