Last updated on 2025-11-04 06:49:41 CET.
| Flavor | Version | Tinstall | Tcheck | Ttotal | Status | Flags | 
|---|---|---|---|---|---|---|
| r-devel-linux-x86_64-debian-clang | 1.1.4.5 | 84.43 | 94.54 | 178.97 | OK | |
| r-devel-linux-x86_64-debian-gcc | 1.1.4.5 | 52.36 | 65.91 | 118.27 | OK | |
| r-devel-linux-x86_64-fedora-clang | 1.1.4.5 | 248.00 | 91.97 | 339.97 | OK | |
| r-devel-linux-x86_64-fedora-gcc | 1.1.4.5 | 169.00 | 127.89 | 296.89 | OK | |
| r-devel-windows-x86_64 | 1.1.4.5 | 99.00 | 120.00 | 219.00 | OK | |
| r-patched-linux-x86_64 | 1.1.4.5 | 84.98 | 89.43 | 174.41 | OK | |
| r-release-linux-x86_64 | 1.1.4.5 | 86.44 | 89.30 | 175.74 | OK | |
| r-release-macos-arm64 | 1.1.4.5 | 30.00 | 44.00 | 74.00 | OK | |
| r-release-macos-x86_64 | 1.1.4.5 | 36.00 | 88.00 | 124.00 | OK | |
| r-release-windows-x86_64 | 1.1.4.5 | 97.00 | 117.00 | 214.00 | OK | |
| r-oldrel-macos-arm64 | 1.1.4.5 | 31.00 | 50.00 | 81.00 | NOTE | |
| r-oldrel-macos-x86_64 | 1.1.4.5 | 32.00 | 89.00 | 121.00 | NOTE | |
| r-oldrel-windows-x86_64 | 1.1.4.5 | 117.00 | 154.00 | 271.00 | NOTE | 
Version: 1.1.4.5
Check: installed package size
Result: NOTE
    installed size is  7.8Mb
    sub-directories of 1Mb or more:
      libs   6.0Mb
Flavors: r-oldrel-macos-arm64, r-oldrel-macos-x86_64
Version: 1.1.4.5
Check: for GNU extensions in Makefiles
Result: NOTE
  GNU make is a SystemRequirements.
Flavors: r-oldrel-macos-arm64, r-oldrel-macos-x86_64, r-oldrel-windows-x86_64