CRAN Package Check Results for Package InDisc

Last updated on 2025-02-10 17:49:13 CET.

Flavor Version Tinstall Tcheck Ttotal Status Flags
r-devel-linux-x86_64-debian-clang 1.1.0 4.74 33.10 37.84 NOTE
r-devel-linux-x86_64-debian-gcc 1.1.0 3.00 22.98 25.98 NOTE
r-devel-linux-x86_64-fedora-clang 1.1.0 63.90 OK
r-devel-linux-x86_64-fedora-gcc 1.1.0 56.16 OK
r-devel-windows-x86_64 1.1.0 5.00 50.00 55.00 NOTE
r-patched-linux-x86_64 1.1.0 6.38 30.92 37.30 OK
r-release-linux-x86_64 1.1.0 3.34 31.05 34.39 OK
r-release-macos-arm64 1.1.0 20.00 OK
r-release-macos-x86_64 1.1.0 29.00 OK
r-release-windows-x86_64 1.1.0 5.00 50.00 55.00 OK
r-oldrel-macos-arm64 1.1.0 20.00 OK
r-oldrel-macos-x86_64 1.1.0 29.00 OK
r-oldrel-windows-x86_64 1.1.0 6.00 55.00 61.00 OK

Check Details

Version: 1.1.0
Check: Rd cross-references
Result: NOTE Found the following Rd file(s) with Rd \link{} targets missing package anchors: InDisc.Rd: psych indisc-package.Rd: psych Please provide package anchors for all Rd \link{} targets not in the package itself and the base packages. Flavors: r-devel-linux-x86_64-debian-clang, r-devel-linux-x86_64-debian-gcc, r-devel-windows-x86_64