Last updated on 2025-11-26 05:51:39 CET.
| Flavor | Version | Tinstall | Tcheck | Ttotal | Status | Flags |
|---|---|---|---|---|---|---|
| r-devel-linux-x86_64-debian-clang | 1.0.7 | 0.37 | 3.63 | 4.00 | ERROR | |
| r-devel-linux-x86_64-debian-gcc | 1.0.7 | 0.33 | 2.82 | 3.15 | ERROR | |
| r-devel-linux-x86_64-fedora-clang | 1.0.7 | 4.99 | ERROR | |||
| r-devel-linux-x86_64-fedora-gcc | 1.0.7 | 4.60 | ERROR | |||
| r-devel-windows-x86_64 | 1.0.7 | 13.00 | 192.00 | 205.00 | OK | |
| r-patched-linux-x86_64 | 1.0.7 | 9.71 | 136.17 | 145.88 | OK | |
| r-release-linux-x86_64 | 1.0.7 | 9.50 | 134.11 | 143.61 | OK | |
| r-release-macos-arm64 | 1.0.7 | OK | ||||
| r-release-macos-x86_64 | 1.0.7 | 41.00 | 194.00 | 235.00 | OK | |
| r-release-windows-x86_64 | 1.0.7 | 13.00 | 170.00 | 183.00 | OK | |
| r-oldrel-macos-arm64 | 1.0.7 | OK | ||||
| r-oldrel-macos-x86_64 | 1.0.7 | 31.00 | 269.00 | 300.00 | OK | |
| r-oldrel-windows-x86_64 | 1.0.7 | 15.00 | 206.00 | 221.00 | OK |
Version: 1.0.7
Check: package dependencies
Result: ERROR
Package required but not available: ‘leafgl’
Package suggested but not available for checking: ‘mapview’
See section ‘The DESCRIPTION file’ in the ‘Writing R Extensions’
manual.
Flavors: r-devel-linux-x86_64-debian-clang, r-devel-linux-x86_64-debian-gcc, r-devel-linux-x86_64-fedora-clang, r-devel-linux-x86_64-fedora-gcc