Last updated on 2025-11-26 05:51:40 CET.
| Flavor | Version | Tinstall | Tcheck | Ttotal | Status | Flags |
|---|---|---|---|---|---|---|
| r-devel-linux-x86_64-debian-clang | 0.7.0 | 5.67 | 56.79 | 62.46 | NOTE | |
| r-devel-linux-x86_64-debian-gcc | 0.7.0 | 4.28 | 40.17 | 44.45 | NOTE | |
| r-devel-linux-x86_64-fedora-clang | 0.7.0 | 27.00 | 72.30 | 99.30 | OK | |
| r-devel-linux-x86_64-fedora-gcc | 0.7.0 | 24.00 | 72.00 | 96.00 | OK | |
| r-devel-windows-x86_64 | 0.7.0 | 9.00 | 109.00 | 118.00 | OK | |
| r-patched-linux-x86_64 | 0.7.0 | 6.20 | 52.51 | 58.71 | OK | |
| r-release-linux-x86_64 | 0.7.0 | 4.76 | 52.38 | 57.14 | OK | |
| r-release-macos-arm64 | 0.7.0 | OK | ||||
| r-release-macos-x86_64 | 0.7.0 | 5.00 | 43.00 | 48.00 | OK | |
| r-release-windows-x86_64 | 0.7.0 | 7.00 | 75.00 | 82.00 | OK | |
| r-oldrel-macos-arm64 | 0.7.0 | OK | ||||
| r-oldrel-macos-x86_64 | 0.7.0 | 4.00 | 36.00 | 40.00 | OK | |
| r-oldrel-windows-x86_64 | 0.7.0 | 10.00 | 92.00 | 102.00 | OK |
Version: 0.7.0
Check: CRAN incoming feasibility
Result: NOTE
Maintainer: ‘Matthew Smith <matt_smith.90@hotmail.co.uk>’
No Authors@R field in DESCRIPTION.
Please add one, modifying
Authors@R: person(given = "Matthew",
family = "Smith",
role = c("aut", "cre"),
email = "matt_smith.90@hotmail.co.uk")
as necessary.
Flavors: r-devel-linux-x86_64-debian-clang, r-devel-linux-x86_64-debian-gcc