CRAN Package Check Results for Package IOHexperimenter

Last updated on 2025-02-10 17:49:13 CET.

Flavor Version Tinstall Tcheck Ttotal Status Flags
r-devel-linux-x86_64-debian-clang 0.1.4 34.33 27.30 61.63 NOTE
r-devel-linux-x86_64-debian-gcc 0.1.4 30.37 21.17 51.54 NOTE
r-devel-linux-x86_64-fedora-clang 0.1.4 119.42 NOTE
r-devel-linux-x86_64-fedora-gcc 0.1.4 130.95 NOTE
r-devel-windows-x86_64 0.1.4 56.00 71.00 127.00 NOTE
r-patched-linux-x86_64 0.1.4 42.82 26.15 68.97 NOTE
r-release-linux-x86_64 0.1.4 39.60 26.02 65.62 NOTE
r-release-macos-arm64 0.1.4 33.00 NOTE
r-release-macos-x86_64 0.1.4 50.00 NOTE
r-release-windows-x86_64 0.1.4 57.00 71.00 128.00 NOTE
r-oldrel-macos-arm64 0.1.4 40.00 NOTE
r-oldrel-macos-x86_64 0.1.4 63.00 NOTE
r-oldrel-windows-x86_64 0.1.4 56.00 89.00 145.00 NOTE

Additional issues

gcc15

Check Details

Version: 0.1.4
Check: C++ specification
Result: NOTE Specified C++11: please drop specification unless essential Flavors: r-devel-linux-x86_64-debian-clang, r-devel-linux-x86_64-debian-gcc, r-devel-linux-x86_64-fedora-clang, r-devel-linux-x86_64-fedora-gcc, r-devel-windows-x86_64, r-patched-linux-x86_64, r-release-linux-x86_64, r-release-macos-arm64, r-release-macos-x86_64, r-release-windows-x86_64, r-oldrel-macos-arm64, r-oldrel-macos-x86_64, r-oldrel-windows-x86_64

Version: 0.1.4
Check: Rd files
Result: NOTE checkRd: (-1) IOHproblem.Rd:31: Lost braces in \itemize; meant \describe ? checkRd: (-1) IOHproblem.Rd:32: Lost braces in \itemize; meant \describe ? checkRd: (-1) IOHproblem.Rd:33: Lost braces in \itemize; meant \describe ? checkRd: (-1) IOHproblem.Rd:34: Lost braces in \itemize; meant \describe ? checkRd: (-1) IOHproblem.Rd:35: Lost braces in \itemize; meant \describe ? checkRd: (-1) IOHproblem.Rd:36: Lost braces in \itemize; meant \describe ? checkRd: (-1) IOHproblem.Rd:37: Lost braces in \itemize; meant \describe ? checkRd: (-1) IOHproblem.Rd:38: Lost braces in \itemize; meant \describe ? checkRd: (-1) IOHproblem.Rd:39-40: Lost braces in \itemize; meant \describe ? checkRd: (-1) IOHproblem.Rd:44: Lost braces in \itemize; meant \describe ? checkRd: (-1) IOHproblem.Rd:45: Lost braces in \itemize; meant \describe ? checkRd: (-1) IOHproblem.Rd:46-48: Lost braces in \itemize; meant \describe ? Flavors: r-devel-linux-x86_64-debian-clang, r-devel-linux-x86_64-debian-gcc, r-devel-linux-x86_64-fedora-clang, r-devel-linux-x86_64-fedora-gcc, r-devel-windows-x86_64, r-patched-linux-x86_64, r-release-linux-x86_64, r-release-macos-arm64, r-release-macos-x86_64, r-release-windows-x86_64

Version: 0.1.4
Check: LazyData
Result: NOTE 'LazyData' is specified without a 'data' directory Flavors: r-patched-linux-x86_64, r-release-linux-x86_64, r-release-macos-arm64, r-release-macos-x86_64, r-release-windows-x86_64, r-oldrel-macos-arm64, r-oldrel-macos-x86_64, r-oldrel-windows-x86_64

Version: 0.1.4
Check: installed package size
Result: NOTE installed size is 6.4Mb sub-directories of 1Mb or more: libs 6.2Mb Flavors: r-release-macos-arm64, r-release-macos-x86_64, r-oldrel-macos-arm64, r-oldrel-macos-x86_64