Last updated on 2025-11-04 13:50:17 CET.
| Flavor | Version | Tinstall | Tcheck | Ttotal | Status | Flags |
|---|---|---|---|---|---|---|
| r-devel-linux-x86_64-debian-clang | 24.3.25 | 21.60 | 129.28 | 150.88 | OK | |
| r-devel-linux-x86_64-debian-gcc | 24.3.25 | 13.69 | 89.58 | 103.27 | OK | |
| r-devel-linux-x86_64-fedora-clang | 24.3.25 | 92.00 | 165.67 | 257.67 | OK | |
| r-devel-linux-x86_64-fedora-gcc | 24.3.25 | 41.00 | 190.18 | 231.18 | OK | |
| r-devel-windows-x86_64 | 24.3.25 | 20.00 | 120.00 | 140.00 | OK | |
| r-patched-linux-x86_64 | 24.3.25 | 19.79 | 119.96 | 139.75 | OK | |
| r-release-linux-x86_64 | 24.3.25 | 20.04 | 119.95 | 139.99 | OK | |
| r-release-macos-arm64 | 24.3.25 | 9.00 | 67.00 | 76.00 | OK | |
| r-release-macos-x86_64 | 24.3.25 | 18.00 | 92.00 | 110.00 | OK | |
| r-release-windows-x86_64 | 24.3.25 | 20.00 | 119.00 | 139.00 | OK | |
| r-oldrel-macos-arm64 | 24.3.25 | 9.00 | 54.00 | 63.00 | NOTE | |
| r-oldrel-macos-x86_64 | 24.3.25 | 13.00 | 75.00 | 88.00 | NOTE | |
| r-oldrel-windows-x86_64 | 24.3.25 | 28.00 | 157.00 | 185.00 | OK |
Version: 24.3.25
Check: package dependencies
Result: NOTE
Package suggested but not available for checking: ‘INLA’
Flavor: r-oldrel-macos-arm64
Version: 24.3.25
Check: package dependencies
Result: NOTE
Packages suggested but not available for checking: 'INLA', 'frailtypack'
Flavor: r-oldrel-macos-x86_64