Last updated on 2025-11-04 13:50:17 CET.
| Flavor | Version | Tinstall | Tcheck | Ttotal | Status | Flags |
|---|---|---|---|---|---|---|
| r-devel-linux-x86_64-debian-clang | 1.1 | 7.71 | 64.12 | 71.83 | OK | |
| r-devel-linux-x86_64-debian-gcc | 1.1 | 5.46 | 46.45 | 51.91 | OK | |
| r-devel-linux-x86_64-fedora-clang | 1.1 | 34.00 | 84.25 | 118.25 | OK | |
| r-devel-linux-x86_64-fedora-gcc | 1.1 | 15.00 | 85.52 | 100.52 | OK | |
| r-devel-windows-x86_64 | 1.1 | 10.00 | 78.00 | 88.00 | OK | |
| r-patched-linux-x86_64 | 1.1 | 6.61 | 60.37 | 66.98 | OK | |
| r-release-linux-x86_64 | 1.1 | 7.60 | 60.47 | 68.07 | OK | |
| r-release-macos-arm64 | 1.1 | 3.00 | 24.00 | 27.00 | OK | |
| r-release-macos-x86_64 | 1.1 | 5.00 | 43.00 | 48.00 | OK | |
| r-release-windows-x86_64 | 1.1 | 9.00 | 76.00 | 85.00 | OK | |
| r-oldrel-macos-arm64 | 1.1 | 3.00 | 25.00 | 28.00 | NOTE | |
| r-oldrel-macos-x86_64 | 1.1 | 4.00 | 37.00 | 41.00 | NOTE | |
| r-oldrel-windows-x86_64 | 1.1 | 12.00 | 94.00 | 106.00 | NOTE |
Version: 1.1
Check: LazyData
Result: NOTE
'LazyData' is specified without a 'data' directory
Flavors: r-oldrel-macos-arm64, r-oldrel-macos-x86_64, r-oldrel-windows-x86_64