Last updated on 2025-11-04 13:50:17 CET.
| Flavor | Version | Tinstall | Tcheck | Ttotal | Status | Flags |
|---|---|---|---|---|---|---|
| r-devel-linux-x86_64-debian-clang | 0.2.1 | 60.42 | 138.13 | 198.55 | OK | |
| r-devel-linux-x86_64-debian-gcc | 0.2.1 | 43.66 | 88.76 | 132.42 | OK | |
| r-devel-linux-x86_64-fedora-clang | 0.2.1 | 121.00 | 181.69 | 302.69 | OK | |
| r-devel-linux-x86_64-fedora-gcc | 0.2.1 | 134.00 | 175.09 | 309.09 | OK | |
| r-devel-windows-x86_64 | 0.2.1 | 70.00 | 175.00 | 245.00 | OK | |
| r-patched-linux-x86_64 | 0.2.1 | 65.86 | 129.70 | 195.56 | OK | |
| r-release-linux-x86_64 | 0.2.1 | 58.48 | 131.52 | 190.00 | OK | |
| r-release-macos-arm64 | 0.2.1 | 28.00 | 51.00 | 79.00 | OK | |
| r-release-macos-x86_64 | 0.2.1 | 42.00 | 94.00 | 136.00 | OK | |
| r-release-windows-x86_64 | 0.2.1 | 68.00 | 175.00 | 243.00 | OK | |
| r-oldrel-macos-arm64 | 0.2.1 | 22.00 | 44.00 | 66.00 | NOTE | |
| r-oldrel-macos-x86_64 | 0.2.1 | 33.00 | 73.00 | 106.00 | NOTE | |
| r-oldrel-windows-x86_64 | 0.2.1 | 82.00 | 223.00 | 305.00 | NOTE |
Version: 0.2.1
Check: package dependencies
Result: NOTE
Package suggested but not available for checking: ‘IFCdata’
Flavors: r-oldrel-macos-arm64, r-oldrel-macos-x86_64, r-oldrel-windows-x86_64
Version: 0.2.1
Check: installed package size
Result: NOTE
installed size is 7.4Mb
sub-directories of 1Mb or more:
R 2.0Mb
libs 4.6Mb
Flavors: r-oldrel-macos-arm64, r-oldrel-macos-x86_64