Last updated on 2025-02-05 17:49:58 CET.
Flavor | Version | Tinstall | Tcheck | Ttotal | Status | Flags |
---|---|---|---|---|---|---|
r-devel-linux-x86_64-debian-clang | 0.2.7 | 11.05 | 99.71 | 110.76 | NOTE | |
r-devel-linux-x86_64-debian-gcc | 0.2.7 | 8.74 | 72.73 | 81.47 | NOTE | |
r-devel-linux-x86_64-fedora-clang | 0.2.7 | 184.43 | OK | |||
r-devel-linux-x86_64-fedora-gcc | 0.2.7 | 174.20 | OK | |||
r-devel-windows-x86_64 | 0.2.7 | 15.00 | 107.00 | 122.00 | NOTE | |
r-patched-linux-x86_64 | 0.2.7 | 18.90 | 92.96 | 111.86 | OK | |
r-release-linux-x86_64 | 0.2.7 | 10.47 | 93.56 | 104.03 | OK | |
r-release-macos-arm64 | 0.2.7 | 48.00 | OK | |||
r-release-macos-x86_64 | 0.2.7 | 77.00 | OK | |||
r-release-windows-x86_64 | 0.2.7 | 14.00 | 104.00 | 118.00 | OK | |
r-oldrel-macos-arm64 | 0.2.7 | 53.00 | OK | |||
r-oldrel-macos-x86_64 | 0.2.7 | 91.00 | OK | |||
r-oldrel-windows-x86_64 | 0.2.7 | 18.00 | 132.00 | 150.00 | OK |
Version: 0.2.7
Check: Rd cross-references
Result: NOTE
Found the following Rd file(s) with Rd \link{} targets missing package
anchors:
Tgraph.Rd: qgraph
Please provide package anchors for all Rd \link{} targets not in the
package itself and the base packages.
Flavors: r-devel-linux-x86_64-debian-clang, r-devel-linux-x86_64-debian-gcc, r-devel-windows-x86_64