Last updated on 2025-11-04 13:50:16 CET.
| Flavor | Version | Tinstall | Tcheck | Ttotal | Status | Flags |
|---|---|---|---|---|---|---|
| r-devel-linux-x86_64-debian-clang | 1.1.9 | 14.43 | 105.03 | 119.46 | OK | |
| r-devel-linux-x86_64-debian-gcc | 1.1.9 | 10.21 | 72.47 | 82.68 | OK | |
| r-devel-linux-x86_64-fedora-clang | 1.1.9 | 73.00 | 117.03 | 190.03 | OK | |
| r-devel-linux-x86_64-fedora-gcc | 1.1.9 | 28.00 | 138.21 | 166.21 | OK | |
| r-devel-windows-x86_64 | 1.1.9 | 15.00 | 95.00 | 110.00 | OK | |
| r-patched-linux-x86_64 | 1.1.9 | 13.61 | 96.13 | 109.74 | OK | |
| r-release-linux-x86_64 | 1.1.9 | 13.56 | 97.32 | 110.88 | OK | |
| r-release-macos-arm64 | 1.1.9 | 7.00 | 39.00 | 46.00 | OK | |
| r-release-macos-x86_64 | 1.1.9 | 11.00 | 73.00 | 84.00 | OK | |
| r-release-windows-x86_64 | 1.1.9 | 16.00 | 94.00 | 110.00 | OK | |
| r-oldrel-macos-arm64 | 1.1.9 | 6.00 | 40.00 | 46.00 | NOTE | |
| r-oldrel-macos-x86_64 | 1.1.9 | 10.00 | 58.00 | 68.00 | NOTE | |
| r-oldrel-windows-x86_64 | 1.1.9 | 22.00 | 125.00 | 147.00 | NOTE |
Version: 1.1.9
Check: LazyData
Result: NOTE
'LazyData' is specified without a 'data' directory
Flavors: r-oldrel-macos-arm64, r-oldrel-macos-x86_64, r-oldrel-windows-x86_64