Last updated on 2025-02-10 17:49:12 CET.
Flavor | Version | Tinstall | Tcheck | Ttotal | Status | Flags |
---|---|---|---|---|---|---|
r-devel-linux-x86_64-debian-clang | 1.0.0 | 2.52 | 24.62 | 27.14 | NOTE | |
r-devel-linux-x86_64-debian-gcc | 1.0.0 | 1.84 | 20.24 | 22.08 | NOTE | |
r-devel-linux-x86_64-fedora-clang | 1.0.0 | 44.74 | NOTE | |||
r-devel-linux-x86_64-fedora-gcc | 1.0.0 | 41.05 | NOTE | |||
r-devel-windows-x86_64 | 1.0.0 | 3.00 | 44.00 | 47.00 | NOTE | |
r-patched-linux-x86_64 | 1.0.0 | 2.61 | 23.11 | 25.72 | NOTE | |
r-release-linux-x86_64 | 1.0.0 | 2.24 | 23.36 | 25.60 | NOTE | |
r-release-macos-arm64 | 1.0.0 | 16.00 | NOTE | |||
r-release-macos-x86_64 | 1.0.0 | 29.00 | NOTE | |||
r-release-windows-x86_64 | 1.0.0 | 4.00 | 45.00 | 49.00 | NOTE | |
r-oldrel-macos-arm64 | 1.0.0 | 18.00 | NOTE | |||
r-oldrel-macos-x86_64 | 1.0.0 | 26.00 | NOTE | |||
r-oldrel-windows-x86_64 | 1.0.0 | 3.00 | 52.00 | 55.00 | NOTE |
Version: 1.0.0
Check: Rd files
Result: NOTE
checkRd: (-1) HPLB.Rd:33: Lost braces in \itemize; meant \describe ?
checkRd: (-1) HPLB.Rd:34: Lost braces in \itemize; meant \describe ?
checkRd: (-1) HPLB.Rd:35: Lost braces in \itemize; meant \describe ?
checkRd: (-1) HPLB.Rd:36: Lost braces in \itemize; meant \describe ?
checkRd: (-1) HPLB.Rd:37: Lost braces in \itemize; meant \describe ?
checkRd: (-1) HPLB.Rd:38: Lost braces in \itemize; meant \describe ?
Flavors: r-devel-linux-x86_64-debian-clang, r-devel-linux-x86_64-debian-gcc, r-devel-linux-x86_64-fedora-clang, r-devel-linux-x86_64-fedora-gcc, r-devel-windows-x86_64, r-patched-linux-x86_64, r-release-linux-x86_64, r-release-macos-arm64, r-release-macos-x86_64, r-release-windows-x86_64
Version: 1.0.0
Check: LazyData
Result: NOTE
'LazyData' is specified without a 'data' directory
Flavors: r-patched-linux-x86_64, r-release-linux-x86_64, r-release-macos-arm64, r-release-macos-x86_64, r-release-windows-x86_64, r-oldrel-macos-arm64, r-oldrel-macos-x86_64, r-oldrel-windows-x86_64