Last updated on 2025-02-05 17:49:57 CET.
Flavor | Version | Tinstall | Tcheck | Ttotal | Status | Flags |
---|---|---|---|---|---|---|
r-devel-linux-x86_64-debian-clang | 2.2.1 | 10.60 | 81.13 | 91.73 | NOTE | |
r-devel-linux-x86_64-debian-gcc | 2.2.1 | 6.92 | 59.84 | 66.76 | NOTE | |
r-devel-linux-x86_64-fedora-clang | 2.2.1 | 155.45 | NOTE | |||
r-devel-linux-x86_64-fedora-gcc | 2.2.1 | 136.77 | NOTE | |||
r-devel-windows-x86_64 | 2.2.1 | 11.00 | 95.00 | 106.00 | NOTE | |
r-patched-linux-x86_64 | 2.2.1 | 9.00 | 76.17 | 85.17 | NOTE | |
r-release-linux-x86_64 | 2.2.1 | 9.21 | 76.17 | 85.38 | NOTE | |
r-release-macos-arm64 | 2.2.1 | 41.00 | NOTE | |||
r-release-macos-x86_64 | 2.2.1 | 66.00 | NOTE | |||
r-release-windows-x86_64 | 2.2.1 | 10.00 | 91.00 | 101.00 | NOTE | |
r-oldrel-macos-arm64 | 2.2.1 | 42.00 | OK | |||
r-oldrel-macos-x86_64 | 2.2.1 | 86.00 | OK | |||
r-oldrel-windows-x86_64 | 2.2.1 | 13.00 | 101.00 | 114.00 | OK |
Version: 2.2.1
Check: Rd files
Result: NOTE
checkRd: (-1) hdda.Rd:121-123: Lost braces in \itemize; meant \describe ?
checkRd: (-1) hdda.Rd:124-127: Lost braces in \itemize; meant \describe ?
checkRd: (-1) hdda.Rd:128-132: Lost braces in \itemize; meant \describe ?
checkRd: (-1) hddc.Rd:162-164: Lost braces in \itemize; meant \describe ?
checkRd: (-1) hddc.Rd:165-168: Lost braces in \itemize; meant \describe ?
Flavors: r-devel-linux-x86_64-debian-clang, r-devel-linux-x86_64-debian-gcc, r-devel-linux-x86_64-fedora-clang, r-devel-linux-x86_64-fedora-gcc, r-devel-windows-x86_64, r-patched-linux-x86_64, r-release-linux-x86_64, r-release-macos-arm64, r-release-macos-x86_64, r-release-windows-x86_64