Last updated on 2025-11-26 05:51:38 CET.
| Flavor | Version | Tinstall | Tcheck | Ttotal | Status | Flags |
|---|---|---|---|---|---|---|
| r-devel-linux-x86_64-debian-clang | 1.1.3 | 20.17 | 90.96 | 111.13 | NOTE | |
| r-devel-linux-x86_64-debian-gcc | 1.1.3 | 17.91 | 66.46 | 84.37 | NOTE | |
| r-devel-linux-x86_64-fedora-clang | 1.1.3 | 41.00 | 135.24 | 176.24 | OK | |
| r-devel-linux-x86_64-fedora-gcc | 1.1.3 | 36.00 | 145.52 | 181.52 | OK | |
| r-devel-windows-x86_64 | 1.1.3 | 27.00 | 91.00 | 118.00 | OK | |
| r-patched-linux-x86_64 | 1.1.3 | 20.74 | 87.25 | 107.99 | OK | |
| r-release-linux-x86_64 | 1.1.3 | 20.36 | 87.77 | 108.13 | OK | |
| r-release-macos-arm64 | 1.1.3 | OK | ||||
| r-release-macos-x86_64 | 1.1.3 | 23.00 | 81.00 | 104.00 | OK | |
| r-release-windows-x86_64 | 1.1.3 | 23.00 | 99.00 | 122.00 | OK | |
| r-oldrel-macos-arm64 | 1.1.3 | NOTE | ||||
| r-oldrel-macos-x86_64 | 1.1.3 | 16.00 | 65.00 | 81.00 | NOTE | |
| r-oldrel-windows-x86_64 | 1.1.3 | 30.00 | 120.00 | 150.00 | OK |
Version: 1.1.3
Check: CRAN incoming feasibility
Result: NOTE
Maintainer: ‘H. Battey <h.battey@imperial.ac.uk>’
No Authors@R field in DESCRIPTION.
Please add one, modifying
Authors@R: c(person(given = c("H.", "H."),
family = "Hoeltgebaum",
role = "aut"),
person(given = "H.",
family = "Battey",
role = "cre",
email = "h.battey@imperial.ac.uk"))
as necessary.
Flavors: r-devel-linux-x86_64-debian-clang, r-devel-linux-x86_64-debian-gcc
Version: 1.1.3
Check: installed package size
Result: NOTE
installed size is 5.1Mb
sub-directories of 1Mb or more:
data 4.7Mb
Flavors: r-oldrel-macos-arm64, r-oldrel-macos-x86_64