Last updated on 2025-06-30 18:49:42 CEST.
Flavor | Version | Tinstall | Tcheck | Ttotal | Status | Flags |
---|---|---|---|---|---|---|
r-devel-linux-x86_64-debian-clang | 2.0.2 | 46.56 | 79.30 | 125.86 | NOTE | |
r-devel-linux-x86_64-debian-gcc | 2.0.2 | 35.70 | 57.25 | 92.95 | NOTE | |
r-devel-linux-x86_64-fedora-clang | 2.0.2 | 218.21 | NOTE | |||
r-devel-linux-x86_64-fedora-gcc | 2.0.2 | 219.61 | NOTE | |||
r-devel-windows-x86_64 | 2.0.2 | 55.00 | 103.00 | 158.00 | NOTE | |
r-patched-linux-x86_64 | NOTE | |||||
r-release-linux-x86_64 | 2.0.2 | 46.45 | 72.22 | 118.67 | NOTE | |
r-release-macos-arm64 | 2.0.2 | 117.00 | NOTE | |||
r-release-macos-x86_64 | 2.0.2 | 125.00 | NOTE | |||
r-release-windows-x86_64 | 2.0.2 | 56.00 | 102.00 | 158.00 | NOTE | |
r-oldrel-macos-arm64 | 2.0.2 | 67.00 | NOTE | |||
r-oldrel-macos-x86_64 | 2.0.2 | 87.00 | NOTE | |||
r-oldrel-windows-x86_64 | 2.0.2 | 70.00 | 130.00 | 200.00 | NOTE |
Version: 2.0.2
Check: C++ specification
Result: NOTE
Specified C++11: please drop specification unless essential
Flavors: r-devel-linux-x86_64-debian-clang, r-devel-linux-x86_64-debian-gcc, r-devel-linux-x86_64-fedora-clang, r-devel-linux-x86_64-fedora-gcc, r-devel-windows-x86_64, r-patched-linux-x86_64, r-release-linux-x86_64, r-release-macos-arm64, r-release-macos-x86_64, r-release-windows-x86_64, r-oldrel-macos-arm64, r-oldrel-macos-x86_64, r-oldrel-windows-x86_64