Last updated on 2025-02-05 17:49:57 CET.
Flavor | Version | Tinstall | Tcheck | Ttotal | Status | Flags |
---|---|---|---|---|---|---|
r-devel-linux-x86_64-debian-clang | 0.3.2 | 2.85 | 30.65 | 33.50 | NOTE | |
r-devel-linux-x86_64-debian-gcc | 0.3.2 | 2.02 | 22.60 | 24.62 | NOTE | |
r-devel-linux-x86_64-fedora-clang | 0.3.2 | 56.12 | NOTE | |||
r-devel-linux-x86_64-fedora-gcc | 0.3.2 | 50.15 | NOTE | |||
r-devel-windows-x86_64 | 0.3.2 | 4.00 | 55.00 | 59.00 | OK | |
r-patched-linux-x86_64 | 0.3.2 | 2.56 | 28.96 | 31.52 | NOTE | |
r-release-linux-x86_64 | 0.3.2 | 2.68 | 29.22 | 31.90 | NOTE | |
r-release-macos-arm64 | 0.3.2 | 19.00 | OK | |||
r-release-macos-x86_64 | 0.3.2 | 31.00 | OK | |||
r-release-windows-x86_64 | 0.3.2 | 4.00 | 53.00 | 57.00 | OK | |
r-oldrel-macos-arm64 | 0.3.2 | 20.00 | OK | |||
r-oldrel-macos-x86_64 | 0.3.2 | 30.00 | OK | |||
r-oldrel-windows-x86_64 | 0.3.2 | 4.00 | 63.00 | 67.00 | OK |
Version: 0.3.2
Check: for non-standard things in the check directory
Result: NOTE
Found the following files/directories:
‘p1_20up-vs-p2_25up_in_str1.txt’ ‘p1_20up-vs-p2_25up_in_str2.txt’
‘p2_25up-vs-p1_20up_in_str1.txt’ ‘p2_25up-vs-p1_20up_in_str2.txt’
‘s0_20up.txt’ ‘s0_30up.txt’ ‘s0_f2up.txt’ ‘strs.vec_01mx.txt’
‘strs.vec_02mx.txt’ ‘strs.vec_03mx.txt’ ‘strs.vec_04mx.txt’
‘strs.vec_05mx.txt’ ‘strs.vec_06mx.txt’ ‘strs.vec_30up.txt’
‘strs.vec_50up.txt’ ‘strs.vec_f2up.txt’ ‘uni_p1_20up-p2_25up.txt’
Flavors: r-devel-linux-x86_64-debian-clang, r-devel-linux-x86_64-debian-gcc, r-devel-linux-x86_64-fedora-clang, r-devel-linux-x86_64-fedora-gcc, r-patched-linux-x86_64, r-release-linux-x86_64
Version: 0.3.2
Check: dependencies in R code
Result: NOTE
Namespace in Imports field not imported from: ‘Rcpp’
All declared Imports should be used.
Flavors: r-devel-linux-x86_64-fedora-clang, r-devel-linux-x86_64-fedora-gcc