Last updated on 2025-11-05 05:51:25 CET.
| Flavor | Version | Tinstall | Tcheck | Ttotal | Status | Flags |
|---|---|---|---|---|---|---|
| r-devel-linux-x86_64-debian-clang | 0.3.0 | 48.51 | 389.04 | 437.55 | NOTE | |
| r-devel-linux-x86_64-debian-gcc | 0.3.0 | 32.05 | 263.22 | 295.27 | NOTE | |
| r-devel-linux-x86_64-fedora-clang | 0.3.0 | 87.00 | 702.64 | 789.64 | OK | |
| r-devel-linux-x86_64-fedora-gcc | 0.3.0 | 89.00 | 660.07 | 749.07 | OK | |
| r-devel-windows-x86_64 | 0.3.0 | 61.00 | 493.00 | 554.00 | OK | |
| r-patched-linux-x86_64 | 0.3.0 | 46.37 | 391.19 | 437.56 | OK | |
| r-release-linux-x86_64 | 0.3.0 | 48.51 | 364.68 | 413.19 | OK | |
| r-release-macos-arm64 | 0.3.0 | 20.00 | 179.00 | 199.00 | OK | |
| r-release-macos-x86_64 | 0.3.0 | 26.00 | 382.00 | 408.00 | OK | |
| r-release-windows-x86_64 | 0.3.0 | 57.00 | 468.00 | 525.00 | OK | |
| r-oldrel-macos-arm64 | 0.3.0 | 23.00 | 192.00 | 215.00 | NOTE | |
| r-oldrel-macos-x86_64 | 0.3.0 | 24.00 | 335.00 | 359.00 | NOTE | |
| r-oldrel-windows-x86_64 | 0.3.0 | 73.00 | 596.00 | 669.00 | OK |
Version: 0.3.0
Check: CRAN incoming feasibility
Result: NOTE
Maintainer: ‘Robrecht Cannoodt <rcannood@gmail.com>’
Package CITATION file contains call(s) to old-style citEntry(). Please
use bibentry() instead.
Flavors: r-devel-linux-x86_64-debian-clang, r-devel-linux-x86_64-debian-gcc
Version: 0.3.0
Check: installed package size
Result: NOTE
installed size is 5.7Mb
sub-directories of 1Mb or more:
doc 1.7Mb
libs 3.4Mb
Flavors: r-oldrel-macos-arm64, r-oldrel-macos-x86_64