Last updated on 2025-05-16 06:49:39 CEST.
Flavor | Version | Tinstall | Tcheck | Ttotal | Status | Flags |
---|---|---|---|---|---|---|
r-devel-linux-x86_64-debian-clang | 0.1.0 | 5.99 | 62.96 | 68.95 | NOTE | |
r-devel-linux-x86_64-debian-gcc | 0.1.0 | 5.03 | 47.71 | 52.74 | NOTE | |
r-devel-linux-x86_64-fedora-clang | 0.1.0 | 112.11 | OK | |||
r-devel-linux-x86_64-fedora-gcc | 0.1.0 | 106.19 | OK | |||
r-devel-windows-x86_64 | 0.1.0 | 9.00 | 75.00 | 84.00 | OK | |
r-patched-linux-x86_64 | 0.1.0 | 6.73 | 60.51 | 67.24 | OK | |
r-release-linux-x86_64 | 0.1.0 | 7.26 | 60.75 | 68.01 | OK | |
r-release-macos-arm64 | 0.1.0 | 36.00 | OK | |||
r-release-macos-x86_64 | 0.1.0 | 65.00 | OK | |||
r-release-windows-x86_64 | 0.1.0 | 9.00 | 77.00 | 86.00 | OK | |
r-oldrel-macos-arm64 | 0.1.0 | 35.00 | OK | |||
r-oldrel-macos-x86_64 | 0.1.0 | 49.00 | OK | |||
r-oldrel-windows-x86_64 | 0.1.0 | 11.00 | 91.00 | 102.00 | OK |
Version: 0.1.0
Check: CRAN incoming feasibility
Result: NOTE
Maintainer: ‘Sayanti Guha Majumdar <sayanti23gm@gmail.com>’
No Authors@R field in DESCRIPTION.
Please add one, modifying
Authors@R: c(person(given = c("Sayanti", "Guha"),
family = "Majumdar",
role = c("aut", "cre"),
email = "sayanti23gm@gmail.com"),
person(given = "Anil",
family = "Rai",
role = "aut"),
person(given = c("Dwijesh", "Chandra"),
family = "Mishra",
role = "aut"))
as necessary.
Flavors: r-devel-linux-x86_64-debian-clang, r-devel-linux-x86_64-debian-gcc