CRAN Package Check Results for Package GROAN

Last updated on 2025-11-04 13:50:16 CET.

Flavor Version Tinstall Tcheck Ttotal Status Flags
r-devel-linux-x86_64-debian-clang 1.3.1 3.34 38.18 41.52 NOTE
r-devel-linux-x86_64-debian-gcc 1.3.1 1.80 29.84 31.64 NOTE
r-devel-linux-x86_64-fedora-clang 1.3.1 60.35 OK
r-devel-linux-x86_64-fedora-gcc 1.3.1 69.16 OK
r-devel-windows-x86_64 1.3.1 5.00 60.00 65.00 OK
r-patched-linux-x86_64 1.3.1 3.23 34.88 38.11 OK
r-release-linux-x86_64 1.3.1 3.12 35.19 38.31 OK
r-release-macos-arm64 1.3.1 1.00 25.00 26.00 OK
r-release-macos-x86_64 1.3.1 3.00 45.00 48.00 OK
r-release-windows-x86_64 1.3.1 5.00 57.00 62.00 OK
r-oldrel-macos-arm64 1.3.1 2.00 21.00 23.00 OK
r-oldrel-macos-x86_64 1.3.1 2.00 45.00 47.00 OK
r-oldrel-windows-x86_64 1.3.1 5.00 67.00 72.00 OK

Check Details

Version: 1.3.1
Check: CRAN incoming feasibility
Result: NOTE Maintainer: ‘Nelson Nazzicari <nelson.nazzicari@gmail.com>’ No Authors@R field in DESCRIPTION. Please add one, modifying Authors@R: c(person(given = c("Nelson", "Nazzicari", "&", "Filippo"), family = "Biscarini", role = "aut"), person(given = "Nelson", family = "Nazzicari", role = "cre", email = "nelson.nazzicari@gmail.com")) as necessary. Flavors: r-devel-linux-x86_64-debian-clang, r-devel-linux-x86_64-debian-gcc