Last updated on 2025-02-10 17:49:11 CET.
Flavor | Version | Tinstall | Tcheck | Ttotal | Status | Flags |
---|---|---|---|---|---|---|
r-devel-linux-x86_64-debian-clang | 0.1.0 | 1.66 | 15.94 | 17.60 | OK | |
r-devel-linux-x86_64-debian-gcc | 0.1.0 | 1.17 | 13.42 | 14.59 | OK | |
r-devel-linux-x86_64-fedora-clang | 0.1.0 | 28.35 | NOTE | |||
r-devel-linux-x86_64-fedora-gcc | 0.1.0 | 26.53 | NOTE | |||
r-devel-windows-x86_64 | 0.1.0 | 3.00 | 37.00 | 40.00 | OK | |
r-patched-linux-x86_64 | 0.1.0 | 1.66 | 15.01 | 16.67 | NOTE | |
r-release-linux-x86_64 | 0.1.0 | 1.56 | 15.05 | 16.61 | NOTE | |
r-release-macos-arm64 | 0.1.0 | 14.00 | NOTE | |||
r-release-macos-x86_64 | 0.1.0 | 26.00 | NOTE | |||
r-release-windows-x86_64 | 0.1.0 | 5.00 | 37.00 | 42.00 | NOTE | |
r-oldrel-macos-arm64 | 0.1.0 | 14.00 | NOTE | |||
r-oldrel-macos-x86_64 | 0.1.0 | 18.00 | NOTE | |||
r-oldrel-windows-x86_64 | 0.1.0 | 3.00 | 38.00 | 41.00 | NOTE |
Version: 0.1.0
Check: dependencies in R code
Result: NOTE
Namespaces in Imports field not imported from:
‘rhandsontable’ ‘shiny’ ‘stats’
All declared Imports should be used.
Flavors: r-devel-linux-x86_64-fedora-clang, r-devel-linux-x86_64-fedora-gcc
Version: 0.1.0
Check: LazyData
Result: NOTE
'LazyData' is specified without a 'data' directory
Flavors: r-patched-linux-x86_64, r-release-linux-x86_64, r-release-macos-arm64, r-release-macos-x86_64, r-release-windows-x86_64, r-oldrel-macos-arm64, r-oldrel-macos-x86_64, r-oldrel-windows-x86_64