Last updated on 2024-08-16 06:50:01 CEST.
Flavor | Version | Tinstall | Tcheck | Ttotal | Status | Flags |
---|---|---|---|---|---|---|
r-devel-linux-x86_64-debian-clang | 0.1.0 | 2.14 | 30.73 | 32.87 | OK | |
r-devel-linux-x86_64-debian-gcc | 0.1.0 | 1.61 | 22.69 | 24.30 | OK | |
r-devel-linux-x86_64-fedora-clang | 0.1.0 | 53.73 | NOTE | |||
r-devel-linux-x86_64-fedora-gcc | 0.1.0 | 50.63 | NOTE | |||
r-devel-windows-x86_64 | 0.1.0 | 4.00 | 55.00 | 59.00 | OK | |
r-patched-linux-x86_64 | 0.1.0 | 2.42 | 29.17 | 31.59 | OK | |
r-release-linux-x86_64 | 0.1.0 | 2.13 | 29.07 | 31.20 | OK | |
r-release-macos-arm64 | 0.1.0 | 20.00 | OK | |||
r-release-macos-x86_64 | 0.1.0 | 28.00 | OK | |||
r-release-windows-x86_64 | 0.1.0 | 4.00 | 57.00 | 61.00 | OK | |
r-oldrel-macos-arm64 | 0.1.0 | 24.00 | OK | |||
r-oldrel-macos-x86_64 | 0.1.0 | 29.00 | OK | |||
r-oldrel-windows-x86_64 | 0.1.0 | 5.00 | 60.00 | 65.00 | OK |
Version: 0.1.0
Check: dependencies in R code
Result: NOTE
Namespaces in Imports field not imported from:
‘AER’ ‘MASS’ ‘Matrix’ ‘censReg’ ‘effects’ ‘foreign’ ‘lme4’ ‘lmtest’
‘nnet’ ‘pBrackets’ ‘plm’ ‘pscl’ ‘sandwich’
All declared Imports should be used.
Flavors: r-devel-linux-x86_64-fedora-clang, r-devel-linux-x86_64-fedora-gcc