Last updated on 2025-11-26 05:51:38 CET.
| Flavor | Version | Tinstall | Tcheck | Ttotal | Status | Flags |
|---|---|---|---|---|---|---|
| r-devel-linux-x86_64-debian-clang | 0.1.0 | 1.84 | 34.08 | 35.92 | OK | |
| r-devel-linux-x86_64-debian-gcc | 0.1.0 | 1.65 | 25.82 | 27.47 | OK | |
| r-devel-linux-x86_64-fedora-clang | 0.1.0 | 11.00 | 46.84 | 57.84 | NOTE | |
| r-devel-linux-x86_64-fedora-gcc | 0.1.0 | 11.00 | 44.31 | 55.31 | NOTE | |
| r-devel-windows-x86_64 | 0.1.0 | 5.00 | 55.00 | 60.00 | OK | |
| r-patched-linux-x86_64 | 0.1.0 | 2.35 | 31.54 | 33.89 | OK | |
| r-release-linux-x86_64 | 0.1.0 | 2.10 | 31.84 | 33.94 | OK | |
| r-release-macos-arm64 | 0.1.0 | OK | ||||
| r-release-macos-x86_64 | 0.1.0 | 2.00 | 31.00 | 33.00 | OK | |
| r-release-windows-x86_64 | 0.1.0 | 4.00 | 54.00 | 58.00 | OK | |
| r-oldrel-macos-arm64 | 0.1.0 | OK | ||||
| r-oldrel-macos-x86_64 | 0.1.0 | 2.00 | 26.00 | 28.00 | OK | |
| r-oldrel-windows-x86_64 | 0.1.0 | 5.00 | 64.00 | 69.00 | OK |
Version: 0.1.0
Check: dependencies in R code
Result: NOTE
Namespaces in Imports field not imported from:
‘AER’ ‘MASS’ ‘Matrix’ ‘censReg’ ‘effects’ ‘foreign’ ‘lme4’ ‘lmtest’
‘nnet’ ‘pBrackets’ ‘plm’ ‘pscl’ ‘sandwich’
All declared Imports should be used.
Flavors: r-devel-linux-x86_64-fedora-clang, r-devel-linux-x86_64-fedora-gcc