Last updated on 2025-11-26 05:51:37 CET.
| Flavor | Version | Tinstall | Tcheck | Ttotal | Status | Flags |
|---|---|---|---|---|---|---|
| r-devel-linux-x86_64-debian-clang | 0.1.0 | 28.59 | 70.03 | 98.62 | NOTE | |
| r-devel-linux-x86_64-debian-gcc | 0.1.0 | 21.84 | 50.53 | 72.37 | NOTE | |
| r-devel-linux-x86_64-fedora-clang | 0.1.0 | 76.00 | 94.24 | 170.24 | OK | |
| r-devel-linux-x86_64-fedora-gcc | 0.1.0 | 155.00 | 16.48 | 171.48 | OK | |
| r-devel-windows-x86_64 | 0.1.0 | 43.00 | 89.00 | 132.00 | OK | |
| r-patched-linux-x86_64 | 0.1.0 | 32.37 | 68.01 | 100.38 | OK | |
| r-release-linux-x86_64 | 0.1.0 | 30.22 | 68.54 | 98.76 | OK | |
| r-release-macos-arm64 | 0.1.0 | OK | ||||
| r-release-macos-x86_64 | 0.1.0 | 23.00 | 62.00 | 85.00 | OK | |
| r-release-windows-x86_64 | 0.1.0 | 38.00 | 104.00 | 142.00 | OK | |
| r-oldrel-macos-arm64 | 0.1.0 | OK | ||||
| r-oldrel-macos-x86_64 | 0.1.0 | 18.00 | 46.00 | 64.00 | OK | |
| r-oldrel-windows-x86_64 | 0.1.0 | 45.00 | 120.00 | 165.00 | OK |
Version: 0.1.0
Check: CRAN incoming feasibility
Result: NOTE
Maintainer: ‘Lukasz Smaga <ls@amu.edu.pl>’
The Description field contains
<arXiv:2301.12009>). We can verify the global hypothesis about equality
Please refer to arXiv e-prints via their arXiv DOI <doi:10.48550/arXiv.YYMM.NNNNN>.
Flavors: r-devel-linux-x86_64-debian-clang, r-devel-linux-x86_64-debian-gcc