Last updated on 2025-02-05 17:49:56 CET.
Flavor | Version | Tinstall | Tcheck | Ttotal | Status | Flags |
---|---|---|---|---|---|---|
r-devel-linux-x86_64-debian-clang | 2.1 | 13.97 | 178.58 | 192.55 | NOTE | |
r-devel-linux-x86_64-debian-gcc | 2.1 | 9.43 | 120.86 | 130.29 | NOTE | |
r-devel-linux-x86_64-fedora-clang | 2.1 | 335.15 | OK | |||
r-devel-linux-x86_64-fedora-gcc | 2.1 | 310.00 | OK | |||
r-devel-windows-x86_64 | 2.1 | 18.00 | 193.00 | 211.00 | NOTE | |
r-patched-linux-x86_64 | 2.1 | 22.19 | 167.93 | 190.12 | OK | |
r-release-linux-x86_64 | 2.1 | 13.79 | 169.48 | 183.27 | OK | |
r-release-macos-arm64 | 2.1 | 85.00 | OK | |||
r-release-macos-x86_64 | 2.1 | 123.00 | OK | |||
r-release-windows-x86_64 | 2.1 | 20.00 | 192.00 | 212.00 | OK | |
r-oldrel-macos-arm64 | 2.1 | 91.00 | OK | |||
r-oldrel-macos-x86_64 | 2.1 | 197.00 | OK | |||
r-oldrel-windows-x86_64 | 2.1 | 23.00 | 240.00 | 263.00 | OK |
Version: 2.1
Check: Rd cross-references
Result: NOTE
Found the following Rd file(s) with Rd \link{} targets missing package
anchors:
angles.csa.Rd: MCA
dimdescr.Rd: dimdesc
medoids.Rd: cluster, pam
modif.rate.Rd: MCA
Please provide package anchors for all Rd \link{} targets not in the
package itself and the base packages.
Flavors: r-devel-linux-x86_64-debian-clang, r-devel-linux-x86_64-debian-gcc, r-devel-windows-x86_64