Last updated on 2025-11-26 05:51:36 CET.
| Flavor | Version | Tinstall | Tcheck | Ttotal | Status | Flags |
|---|---|---|---|---|---|---|
| r-devel-linux-x86_64-debian-clang | 1.0.0 | 3.30 | 25.52 | 28.82 | NOTE | |
| r-devel-linux-x86_64-debian-gcc | 1.0.0 | 2.30 | 19.76 | 22.06 | NOTE | |
| r-devel-linux-x86_64-fedora-clang | 1.0.0 | 43.47 | NOTE | |||
| r-devel-linux-x86_64-fedora-gcc | 1.0.0 | 14.00 | 28.88 | 42.88 | NOTE | |
| r-devel-windows-x86_64 | 1.0.0 | 6.00 | 44.00 | 50.00 | OK | |
| r-patched-linux-x86_64 | 1.0.0 | 3.29 | 24.31 | 27.60 | OK | |
| r-release-linux-x86_64 | 1.0.0 | 3.14 | 24.37 | 27.51 | OK | |
| r-release-macos-arm64 | 1.0.0 | OK | ||||
| r-release-macos-x86_64 | 1.0.0 | 3.00 | 28.00 | 31.00 | OK | |
| r-release-windows-x86_64 | 1.0.0 | 5.00 | 55.00 | 60.00 | OK | |
| r-oldrel-macos-arm64 | 1.0.0 | OK | ||||
| r-oldrel-macos-x86_64 | 1.0.0 | 3.00 | 34.00 | 37.00 | OK | |
| r-oldrel-windows-x86_64 | 1.0.0 | 7.00 | 51.00 | 58.00 | OK |
Version: 1.0.0
Check: CRAN incoming feasibility
Result: NOTE
Maintainer: ‘Salvatore D. Tomarchio <daniele.tomarchio@unict.it>’
The Description field contains
Tomarchio et al. (2020) <arXiv:2107.04330>. The matrix-variate normal
Please refer to arXiv e-prints via their arXiv DOI <doi:10.48550/arXiv.YYMM.NNNNN>.
Flavors: r-devel-linux-x86_64-debian-clang, r-devel-linux-x86_64-debian-gcc
Version: 1.0.0
Check: dependencies in R code
Result: NOTE
Namespace in Imports field not imported from: ‘LaplacesDemon’
All declared Imports should be used.
Flavors: r-devel-linux-x86_64-fedora-clang, r-devel-linux-x86_64-fedora-gcc