Last updated on 2025-11-04 06:49:38 CET.
| Flavor | Version | Tinstall | Tcheck | Ttotal | Status | Flags | 
|---|---|---|---|---|---|---|
| r-devel-linux-x86_64-debian-clang | 0.9.5 | 12.20 | 95.70 | 107.90 | NOTE | |
| r-devel-linux-x86_64-debian-gcc | 0.9.5 | 10.05 | 75.60 | 85.65 | NOTE | |
| r-devel-linux-x86_64-fedora-clang | 0.9.5 | 28.00 | 136.40 | 164.40 | NOTE | |
| r-devel-linux-x86_64-fedora-gcc | 0.9.5 | 26.00 | 130.47 | 156.47 | NOTE | |
| r-devel-windows-x86_64 | 0.9.5 | 13.00 | 98.00 | 111.00 | NOTE | |
| r-patched-linux-x86_64 | 0.9.5 | 11.67 | 87.23 | 98.90 | NOTE | |
| r-release-linux-x86_64 | 0.9.5 | 11.40 | 89.02 | 100.42 | NOTE | |
| r-release-macos-arm64 | 0.9.5 | 18.00 | 89.00 | 107.00 | NOTE | |
| r-release-macos-x86_64 | 0.9.5 | 16.00 | 116.00 | 132.00 | NOTE | |
| r-release-windows-x86_64 | 0.9.5 | 14.00 | 96.00 | 110.00 | NOTE | |
| r-oldrel-macos-arm64 | 0.9.5 | 10.00 | 51.00 | 61.00 | NOTE | |
| r-oldrel-macos-x86_64 | 0.9.5 | 20.00 | 117.00 | 137.00 | NOTE | |
| r-oldrel-windows-x86_64 | 0.9.5 | 16.00 | 123.00 | 139.00 | NOTE | 
Version: 0.9.5
Check: CRAN incoming feasibility
Result: NOTE
  Maintainer: ‘Clayton Vieira Fraga Filho <forestgrowthsoftware@gmail.com>’
  
  No Authors@R field in DESCRIPTION.
  Please add one, modifying
    Authors@R: c(person(given = c("Clayton", "Vieira", "Fraga"),
                        family = "Filho",
                        role = c("aut", "cre"),
                        email = "forestgrowthsoftware@gmail.com"),
                 person(given = c("Ana", "Paula"),
                        family = "Simiqueli",
                        role = "aut"),
                 person(given = c("Gilson", "Fernandes", "da"),
                        family = "Silva",
                        role = "aut"),
                 person(given = "Miqueias",
                        family = "Fernandes",
                        role = "aut"),
                 person(given = c("Wagner", "Amorim", "da", "Silva"),
                        family = "Altoe",
                        role = "aut"))
  as necessary.
Flavors: r-devel-linux-x86_64-debian-clang, r-devel-linux-x86_64-debian-gcc
Version: 0.9.5
Check: Rd files
Result: NOTE
  checkRd: (-1) contemParametros.Rd:19: Lost braces
      19 | \item{exclui3pontos}{verify por ... ? in f<-function(a, ...){ }}
         |                                                             ^
Flavors: r-devel-linux-x86_64-debian-clang, r-devel-linux-x86_64-debian-gcc, r-devel-linux-x86_64-fedora-clang, r-devel-linux-x86_64-fedora-gcc, r-devel-windows-x86_64, r-patched-linux-x86_64, r-release-linux-x86_64, r-release-macos-arm64, r-release-macos-x86_64, r-release-windows-x86_64, r-oldrel-macos-arm64, r-oldrel-macos-x86_64, r-oldrel-windows-x86_64
Version: 0.9.5
Check: LazyData
Result: NOTE
    'LazyData' is specified without a 'data' directory
Flavors: r-oldrel-macos-arm64, r-oldrel-macos-x86_64, r-oldrel-windows-x86_64