Last updated on 2024-08-16 06:50:00 CEST.
Flavor | Version | Tinstall | Tcheck | Ttotal | Status | Flags |
---|---|---|---|---|---|---|
r-devel-linux-x86_64-debian-clang | 0.2.2 | 10.17 | 159.67 | 169.84 | OK | |
r-devel-linux-x86_64-debian-gcc | 0.2.2 | 6.81 | 114.93 | 121.74 | OK | |
r-devel-linux-x86_64-fedora-clang | 0.2.2 | 278.02 | OK | |||
r-devel-linux-x86_64-fedora-gcc | 0.2.2 | 275.65 | OK | |||
r-devel-windows-x86_64 | 0.2.2 | 10.00 | 141.00 | 151.00 | OK | |
r-patched-linux-x86_64 | 0.2.2 | 10.29 | 147.72 | 158.01 | OK | |
r-release-linux-x86_64 | 0.2.2 | 7.69 | 150.22 | 157.91 | OK | |
r-release-macos-arm64 | 0.2.2 | 78.00 | OK | |||
r-release-macos-x86_64 | 0.2.2 | 145.00 | OK | |||
r-release-windows-x86_64 | 0.2.2 | 12.00 | 140.00 | 152.00 | OK | |
r-oldrel-macos-arm64 | 0.2.2 | 85.00 | OK | |||
r-oldrel-macos-x86_64 | 0.2.2 | 114.00 | NOTE | |||
r-oldrel-windows-x86_64 | 0.2.2 | 13.00 | 169.00 | 182.00 | OK |
Version: 0.2.2
Check: package dependencies
Result: NOTE
Package suggested but not available for checking: ‘DESeq2’
Flavor: r-oldrel-macos-x86_64