Last updated on 2024-06-15 17:57:33 CEST.
Flavor | Version | Tinstall | Tcheck | Ttotal | Status | Flags |
---|---|---|---|---|---|---|
r-devel-linux-x86_64-debian-clang | 9.1.3 | 382.91 | 61.70 | 444.61 | NOTE | |
r-devel-linux-x86_64-debian-gcc | 9.1.3 | 316.60 | 48.01 | 364.61 | NOTE | |
r-devel-linux-x86_64-fedora-clang | 9.1.3 | 619.56 | NOTE | |||
r-devel-linux-x86_64-fedora-gcc | 9.1.3 | 779.49 | NOTE | |||
r-devel-windows-x86_64 | 9.1.3 | 310.00 | 97.00 | 407.00 | NOTE | |
r-patched-linux-x86_64 | 9.1.3 | 380.77 | 59.96 | 440.73 | NOTE | |
r-release-linux-x86_64 | 9.1.3 | 366.32 | 59.37 | 425.69 | NOTE | |
r-release-macos-arm64 | 9.1.3 | 125.00 | NOTE | |||
r-release-macos-x86_64 | 9.1.3 | 137.00 | NOTE | |||
r-release-windows-x86_64 | 9.1.3 | 300.00 | 104.00 | 404.00 | NOTE | |
r-oldrel-macos-arm64 | 9.1.3 | 159.00 | NOTE | |||
r-oldrel-macos-x86_64 | 9.1.3 | 180.00 | NOTE | |||
r-oldrel-windows-x86_64 | 9.1.3 | 299.00 | 121.00 | 420.00 | NOTE |
Version: 9.1.3
Check: for GNU extensions in Makefiles
Result: NOTE
GNU make is a SystemRequirements.
Flavors: r-devel-linux-x86_64-debian-clang, r-devel-linux-x86_64-debian-gcc, r-devel-linux-x86_64-fedora-clang, r-devel-linux-x86_64-fedora-gcc, r-devel-windows-x86_64, r-patched-linux-x86_64, r-release-linux-x86_64, r-release-macos-arm64, r-release-macos-x86_64, r-release-windows-x86_64, r-oldrel-macos-arm64, r-oldrel-macos-x86_64, r-oldrel-windows-x86_64
Version: 9.1.3
Check: installed package size
Result: NOTE
installed size is 26.0Mb
sub-directories of 1Mb or more:
libs 25.7Mb
Flavors: r-release-macos-arm64, r-release-macos-x86_64, r-oldrel-macos-arm64, r-oldrel-macos-x86_64