CRAN Package Check Results for Package FLASHMM

Last updated on 2025-02-05 17:49:56 CET.

Flavor Version Tinstall Tcheck Ttotal Status Flags
r-devel-linux-x86_64-debian-clang 1.0.0 6.44 99.86 106.30 OK
r-devel-linux-x86_64-debian-gcc 1.0.0 3.87 76.29 80.16 OK
r-devel-linux-x86_64-fedora-clang 1.0.0 191.07 OK
r-devel-linux-x86_64-fedora-gcc 1.0.0 189.12 OK
r-devel-windows-x86_64 1.0.0 7.00 135.00 142.00 OK
r-patched-linux-x86_64 1.0.0 5.38 95.67 101.05 OK
r-release-linux-x86_64 1.0.0 5.22 97.19 102.41 OK
r-release-macos-arm64 1.0.0 86.00 OK
r-release-macos-x86_64 1.0.0 387.00 OK
r-release-windows-x86_64 1.0.0 6.00 132.00 138.00 OK
r-oldrel-macos-arm64 1.0.0 66.00 ERROR
r-oldrel-macos-x86_64 1.0.0 102.00 ERROR
r-oldrel-windows-x86_64 1.0.0 8.00 227.00 235.00 OK

Check Details

Version: 1.0.0
Check: package dependencies
Result: NOTE Package suggested but not available for checking: ‘ExperimentHub’ Flavors: r-oldrel-macos-arm64, r-oldrel-macos-x86_64

Version: 1.0.0
Check: re-building of vignette outputs
Result: ERROR Error(s) in re-building vignettes: --- re-building ‘FLASHMM-vignette.Rmd’ using rmarkdown * installing *source* package ‘FLASHMM’ ... ** using staged installation ** R ** byte-compile and prepare package for lazy loading ** help *** installing help indices ** building package indices ** installing vignettes ** testing if installed package can be loaded from temporary location ** testing if installed package can be loaded from final location ** testing if installed package keeps a record of temporary installation path * DONE (FLASHMM) Quitting from lines 216-242 [Reference dataset] (FLASHMM-vignette.Rmd) Error: processing vignette 'FLASHMM-vignette.Rmd' failed with diagnostics: there is no package called 'ExperimentHub' --- failed re-building ‘FLASHMM-vignette.Rmd’ SUMMARY: processing the following file failed: ‘FLASHMM-vignette.Rmd’ Error: Vignette re-building failed. Execution halted Flavor: r-oldrel-macos-arm64

Version: 1.0.0
Check: re-building of vignette outputs
Result: ERROR Error(s) in re-building vignettes: --- re-building ‘FLASHMM-vignette.Rmd’ using rmarkdown Pandoc is required to build R Markdown vignettes but not available. Please make sure it is installed. * installing *source* package ‘FLASHMM’ ... ** using staged installation ** R ** byte-compile and prepare package for lazy loading ** help *** installing help indices ** building package indices ** installing vignettes ** testing if installed package can be loaded from temporary location ** testing if installed package can be loaded from final location ** testing if installed package keeps a record of temporary installation path * DONE (FLASHMM) Quitting from lines 216-242 [Reference dataset] (FLASHMM-vignette.Rmd) Error: processing vignette 'FLASHMM-vignette.Rmd' failed with diagnostics: there is no package called 'ExperimentHub' --- failed re-building ‘FLASHMM-vignette.Rmd’ SUMMARY: processing the following file failed: ‘FLASHMM-vignette.Rmd’ Error: Vignette re-building failed. Execution halted Flavor: r-oldrel-macos-x86_64