CRAN Package Check Results for Package FGRepo

Last updated on 2025-02-05 17:49:56 CET.

Flavor Version Tinstall Tcheck Ttotal Status Flags
r-devel-linux-x86_64-debian-clang 1.3.2.0 25.76 21.86 47.62 OK
r-devel-linux-x86_64-debian-gcc 1.3.2.0 20.42 18.00 38.42 OK
r-devel-linux-x86_64-fedora-clang 1.3.2.0 72.78 OK
r-devel-linux-x86_64-fedora-gcc 1.3.2.0 71.30 OK
r-devel-windows-x86_64 1.3.2.0 24.00 43.00 67.00 OK
r-patched-linux-x86_64 1.3.2.0 24.24 20.72 44.96 OK
r-release-linux-x86_64 1.3.2.0 24.66 20.83 45.49 OK
r-release-macos-arm64 1.3.2.0 36.00 NOTE
r-release-macos-x86_64 1.3.2.0 51.00 NOTE
r-release-windows-x86_64 1.3.2.0 27.00 43.00 70.00 OK
r-oldrel-macos-arm64 1.3.2.0 40.00 NOTE
r-oldrel-macos-x86_64 1.3.2.0 51.00 NOTE
r-oldrel-windows-x86_64 1.3.2.0 23.00 41.00 64.00 OK

Check Details

Version: 1.3.2.0
Check: installed package size
Result: NOTE installed size is 5.9Mb sub-directories of 1Mb or more: data 5.8Mb Flavors: r-release-macos-arm64, r-release-macos-x86_64, r-oldrel-macos-arm64, r-oldrel-macos-x86_64