CRAN Package Check Results for Package FAO56

Last updated on 2025-11-25 17:49:50 CET.

Flavor Version Tinstall Tcheck Ttotal Status Flags
r-devel-linux-x86_64-debian-clang 1.0 1.92 27.91 29.83 NOTE
r-devel-linux-x86_64-debian-gcc 1.0 1.64 21.94 23.58 NOTE
r-devel-linux-x86_64-fedora-clang 1.0 47.03 OK
r-devel-linux-x86_64-fedora-gcc 1.0 10.00 34.39 44.39 OK
r-devel-windows-x86_64 1.0 4.00 51.00 55.00 OK
r-patched-linux-x86_64 1.0 2.81 25.21 28.02 OK
r-release-linux-x86_64 1.0 2.08 25.59 27.67 OK
r-release-macos-arm64 1.0 OK
r-release-macos-x86_64 1.0 2.00 30.00 32.00 OK
r-release-windows-x86_64 1.0 5.00 50.00 55.00 OK
r-oldrel-macos-arm64 1.0 OK
r-oldrel-macos-x86_64 1.0 2.00 25.00 27.00 OK
r-oldrel-windows-x86_64 1.0 4.00 56.00 60.00 OK

Check Details

Version: 1.0
Check: CRAN incoming feasibility
Result: NOTE Maintainer: ‘Ali Ahani <ali.ahani66@gmail.com>’ No Authors@R field in DESCRIPTION. Please add one, modifying Authors@R: c(person(given = "Ali", family = "Ahani", role = c("aut", "cre"), email = "a_ahani@sbu.ac.ir", comment = c(ORCID = "0000-0002-1441-0444")), person(given = c("S.", "Saeid", "Mousavi"), family = "Nadoushani", role = "aut", email = "sa_mousavi@sbu.ac.ir", comment = c(ORCID = "0000-0001-6679-5553"))) as necessary. Flavors: r-devel-linux-x86_64-debian-clang, r-devel-linux-x86_64-debian-gcc