Last updated on 2024-08-16 06:50:00 CEST.
Flavor | Version | Tinstall | Tcheck | Ttotal | Status | Flags |
---|---|---|---|---|---|---|
r-devel-linux-x86_64-debian-clang | 1.3.0 | 14.41 | 126.67 | 141.08 | NOTE | |
r-devel-linux-x86_64-debian-gcc | 1.3.0 | 12.60 | 87.61 | 100.21 | NOTE | |
r-devel-linux-x86_64-fedora-clang | 1.3.0 | 228.07 | OK | |||
r-devel-linux-x86_64-fedora-gcc | 1.3.0 | 212.65 | OK | |||
r-devel-windows-x86_64 | 1.3.0 | 17.00 | 119.00 | 136.00 | NOTE | |
r-patched-linux-x86_64 | 1.3.0 | 20.57 | 118.05 | 138.62 | OK | |
r-release-linux-x86_64 | 1.3.0 | 15.09 | 119.58 | 134.67 | OK | |
r-release-macos-arm64 | 1.3.0 | 60.00 | OK | |||
r-release-macos-x86_64 | 1.3.0 | 93.00 | OK | |||
r-release-windows-x86_64 | 1.3.0 | 16.00 | 116.00 | 132.00 | OK | |
r-oldrel-macos-arm64 | 1.3.0 | 65.00 | OK | |||
r-oldrel-macos-x86_64 | 1.3.0 | 102.00 | OK | |||
r-oldrel-windows-x86_64 | 1.3.0 | 22.00 | 148.00 | 170.00 | OK |
Version: 1.3.0
Check: Rd cross-references
Result: NOTE
Found the following Rd file(s) with Rd \link{} targets missing package
anchors:
ExplainPrediction-package.Rd: CORElearn, CoreModel, predict.CoreModel
explanation.Rd: CoreModel, discretize, semiArtificial-package,
CORElearn, predict.CoreModel, attrEval
wrap4Explanation.Rd: nnet, CORElearn-package
Please provide package anchors for all Rd \link{} targets not in the
package itself and the base packages.
Flavors: r-devel-linux-x86_64-debian-clang, r-devel-linux-x86_64-debian-gcc, r-devel-windows-x86_64