Last updated on 2024-06-29 06:49:40 CEST.
Flavor | Version | Tinstall | Tcheck | Ttotal | Status | Flags |
---|---|---|---|---|---|---|
r-devel-linux-x86_64-debian-clang | 1.5.2 | 923.72 | 368.60 | 1292.32 | NOTE | |
r-devel-linux-x86_64-debian-gcc | 1.5.2 | 815.58 | 307.12 | 1122.70 | NOTE | |
r-devel-linux-x86_64-fedora-clang | 1.5.2 | 1567.26 | NOTE | |||
r-devel-linux-x86_64-fedora-gcc | 1.5.2 | 2217.40 | NOTE | |||
r-devel-windows-x86_64 | 1.5.2 | 723.00 | 354.00 | 1077.00 | NOTE | |
r-patched-linux-x86_64 | 1.5.2 | 0.01 | 3.85 | 3.86 | ERROR | |
r-release-linux-x86_64 | 1.5.2 | 764.38 | 400.21 | 1164.59 | NOTE | |
r-release-macos-arm64 | 1.5.2 | 421.00 | NOTE | |||
r-release-macos-x86_64 | 1.5.2 | 384.00 | NOTE | |||
r-release-windows-x86_64 | 1.5.2 | 706.00 | 351.00 | 1057.00 | NOTE | |
r-oldrel-macos-arm64 | 1.5.2 | 446.00 | NOTE | |||
r-oldrel-macos-x86_64 | 1.5.2 | 512.00 | NOTE | |||
r-oldrel-windows-x86_64 | 1.5.2 | 933.00 | 453.00 | 1386.00 | NOTE |
Version: 1.5.2
Check: package dependencies
Result: NOTE
Package suggested but not available for checking: ‘cmdstanr’
Flavors: r-devel-linux-x86_64-debian-clang, r-devel-linux-x86_64-debian-gcc, r-devel-linux-x86_64-fedora-clang, r-devel-linux-x86_64-fedora-gcc, r-devel-windows-x86_64, r-patched-linux-x86_64, r-release-linux-x86_64, r-release-macos-arm64, r-release-macos-x86_64, r-release-windows-x86_64, r-oldrel-macos-arm64, r-oldrel-macos-x86_64, r-oldrel-windows-x86_64
Version: 1.5.2
Check: Rd cross-references
Result: NOTE
Package unavailable to check Rd xrefs: ‘cmdstanr’
Flavors: r-devel-linux-x86_64-debian-clang, r-devel-linux-x86_64-debian-gcc, r-devel-linux-x86_64-fedora-clang, r-devel-linux-x86_64-fedora-gcc, r-devel-windows-x86_64, r-release-linux-x86_64, r-release-macos-arm64, r-release-macos-x86_64, r-release-windows-x86_64, r-oldrel-macos-arm64, r-oldrel-macos-x86_64, r-oldrel-windows-x86_64
Version: 1.5.2
Check: for GNU extensions in Makefiles
Result: NOTE
GNU make is a SystemRequirements.
Flavors: r-devel-linux-x86_64-debian-clang, r-devel-linux-x86_64-debian-gcc, r-devel-linux-x86_64-fedora-clang, r-devel-linux-x86_64-fedora-gcc, r-devel-windows-x86_64, r-release-linux-x86_64, r-release-macos-arm64, r-release-macos-x86_64, r-release-windows-x86_64, r-oldrel-macos-arm64, r-oldrel-macos-x86_64, r-oldrel-windows-x86_64
Version: 1.5.2
Check: installed package size
Result: NOTE
installed size is 14.2Mb
sub-directories of 1Mb or more:
doc 1.8Mb
extdata 2.3Mb
libs 8.6Mb
Flavors: r-devel-linux-x86_64-fedora-clang, r-devel-windows-x86_64, r-release-macos-arm64, r-release-macos-x86_64, r-release-windows-x86_64, r-oldrel-macos-arm64, r-oldrel-macos-x86_64, r-oldrel-windows-x86_64
Version: 1.5.2
Check: whether package can be installed
Result: ERROR
Installation failed.
Flavor: r-patched-linux-x86_64