Last updated on 2025-11-26 05:51:33 CET.
| Flavor | Version | Tinstall | Tcheck | Ttotal | Status | Flags |
|---|---|---|---|---|---|---|
| r-devel-linux-x86_64-debian-clang | 1.0.0 | 8.57 | 85.17 | 93.74 | NOTE | |
| r-devel-linux-x86_64-debian-gcc | 1.0.0 | 6.25 | 57.11 | 63.36 | NOTE | |
| r-devel-linux-x86_64-fedora-clang | 1.0.0 | 25.00 | 127.45 | 152.45 | OK | |
| r-devel-linux-x86_64-fedora-gcc | 1.0.0 | 23.00 | 143.14 | 166.14 | OK | |
| r-devel-windows-x86_64 | 1.0.0 | 15.00 | 85.00 | 100.00 | OK | |
| r-patched-linux-x86_64 | 1.0.0 | 9.70 | 79.29 | 88.99 | OK | |
| r-release-linux-x86_64 | 1.0.0 | 9.19 | 78.32 | 87.51 | OK | |
| r-release-macos-arm64 | 1.0.0 | OK | ||||
| r-release-macos-x86_64 | 1.0.0 | 7.00 | 77.00 | 84.00 | OK | |
| r-release-windows-x86_64 | 1.0.0 | 11.00 | 84.00 | 95.00 | OK | |
| r-oldrel-macos-arm64 | 1.0.0 | OK | ||||
| r-oldrel-macos-x86_64 | 1.0.0 | 8.00 | 96.00 | 104.00 | OK | |
| r-oldrel-windows-x86_64 | 1.0.0 | 14.00 | 111.00 | 125.00 | OK |
Version: 1.0.0
Check: DESCRIPTION meta-information
Result: NOTE
Author field differs from that derived from Authors@R
Author: ‘Marwan El Homsi [aut, cre, cph] (<https://orcid.org/0000-0002-5782-6757>, Desbrest Institute of Epidemiology and Public Health, Univ Montpellier, INSERM, Montpellier, France.), Isabella Annesi-Maesano [ctb, ths, fnd] (<https://orcid.org/0000-0002-6340-9300>, Desbrest Institute of Epidemiology and Public Health, Univ Montpellier, INSERM, Montpellier, France., Department of Allergic and Respiratory Diseases, Montpellier University Hospital, Montpellier.)’
Authors@R: ‘Marwan El Homsi [aut, cre, cph] (ORCID: <https://orcid.org/0000-0002-5782-6757>, affiliation: Desbrest Institute of Epidemiology and Public Health, Univ Montpellier, INSERM, Montpellier, France.), Isabella Annesi-Maesano [ctb, ths, fnd] (ORCID: <https://orcid.org/0000-0002-6340-9300>, affiliation1: Desbrest Institute of Epidemiology and Public Health, Univ Montpellier, INSERM, Montpellier, France., affiliation2: Department of Allergic and Respiratory Diseases, Montpellier University Hospital, Montpellier.)’
Flavors: r-devel-linux-x86_64-debian-clang, r-devel-linux-x86_64-debian-gcc