Last updated on 2025-02-05 17:49:55 CET.
Flavor | Version | Tinstall | Tcheck | Ttotal | Status | Flags |
---|---|---|---|---|---|---|
r-devel-linux-x86_64-debian-clang | 0.2.3 | 3.33 | 84.65 | 87.98 | OK | |
r-devel-linux-x86_64-debian-gcc | 0.2.3 | 2.81 | 54.94 | 57.75 | OK | |
r-devel-linux-x86_64-fedora-clang | 0.2.3 | 161.08 | NOTE | |||
r-devel-linux-x86_64-fedora-gcc | 0.2.3 | 144.09 | NOTE | |||
r-devel-windows-x86_64 | 0.2.3 | 6.00 | 105.00 | 111.00 | OK | |
r-patched-linux-x86_64 | 0.2.3 | 5.10 | 80.49 | 85.59 | NOTE | |
r-release-linux-x86_64 | 0.2.3 | 4.61 | 80.79 | 85.40 | NOTE | |
r-release-macos-arm64 | 0.2.3 | 40.00 | NOTE | |||
r-release-macos-x86_64 | 0.2.3 | 60.00 | NOTE | |||
r-release-windows-x86_64 | 0.2.3 | 7.00 | 105.00 | 112.00 | NOTE | |
r-oldrel-macos-arm64 | 0.2.3 | 44.00 | NOTE | |||
r-oldrel-macos-x86_64 | 0.2.3 | 76.00 | NOTE | |||
r-oldrel-windows-x86_64 | 0.2.3 | 8.00 | 135.00 | 143.00 | NOTE |
Version: 0.2.3
Check: dependencies in R code
Result: NOTE
Namespaces in Imports field not imported from:
‘Rmisc’ ‘rlang’
All declared Imports should be used.
Flavors: r-devel-linux-x86_64-fedora-clang, r-devel-linux-x86_64-fedora-gcc
Version: 0.2.3
Check: LazyData
Result: NOTE
'LazyData' is specified without a 'data' directory
Flavors: r-patched-linux-x86_64, r-release-linux-x86_64, r-release-macos-arm64, r-release-macos-x86_64, r-release-windows-x86_64, r-oldrel-macos-arm64, r-oldrel-macos-x86_64, r-oldrel-windows-x86_64