CRAN Package Check Results for Package Ecohydmod

Last updated on 2025-11-26 05:51:33 CET.

Flavor Version Tinstall Tcheck Ttotal Status Flags
r-devel-linux-x86_64-debian-clang 1.0.0 1.39 21.34 22.73 NOTE
r-devel-linux-x86_64-debian-gcc 1.0.0 1.37 16.95 18.32 NOTE
r-devel-linux-x86_64-fedora-clang 1.0.0 34.70 OK
r-devel-linux-x86_64-fedora-gcc 1.0.0 32.84 OK
r-devel-windows-x86_64 1.0.0 4.00 39.00 43.00 OK
r-patched-linux-x86_64 1.0.0 1.82 19.82 21.64 OK
r-release-linux-x86_64 1.0.0 1.37 19.65 21.02 OK
r-release-macos-arm64 1.0.0 OK
r-release-macos-x86_64 1.0.0 1.00 24.00 25.00 OK
r-release-windows-x86_64 1.0.0 2.00 38.00 40.00 OK
r-oldrel-macos-arm64 1.0.0 OK
r-oldrel-macos-x86_64 1.0.0 2.00 20.00 22.00 OK
r-oldrel-windows-x86_64 1.0.0 3.00 40.00 43.00 OK

Check Details

Version: 1.0.0
Check: CRAN incoming feasibility
Result: NOTE Maintainer: ‘Rodolfo Souza <rodolfomssouza@gmail.com>’ No Authors@R field in DESCRIPTION. Please add one, modifying Authors@R: person(given = "Rodolfo", family = "Souza", role = c("aut", "cre"), email = "rodolfomssouza@gmail.com") as necessary. Flavors: r-devel-linux-x86_64-debian-clang, r-devel-linux-x86_64-debian-gcc