Last updated on 2025-11-26 05:51:34 CET.
| Flavor | Version | Tinstall | Tcheck | Ttotal | Status | Flags |
|---|---|---|---|---|---|---|
| r-devel-linux-x86_64-debian-clang | 1.0.2 | 10.27 | 102.02 | 112.29 | NOTE | |
| r-devel-linux-x86_64-debian-gcc | 1.0.2 | 8.21 | 63.35 | 71.56 | NOTE | |
| r-devel-linux-x86_64-fedora-clang | 1.0.2 | 22.00 | 159.85 | 181.85 | OK | |
| r-devel-linux-x86_64-fedora-gcc | 1.0.2 | 29.00 | 142.06 | 171.06 | OK | |
| r-devel-windows-x86_64 | 1.0.2 | 12.00 | 102.00 | 114.00 | OK | |
| r-patched-linux-x86_64 | 1.0.2 | 11.28 | 90.78 | 102.06 | OK | |
| r-release-linux-x86_64 | 1.0.2 | 9.17 | 89.23 | 98.40 | OK | |
| r-release-macos-arm64 | 1.0.2 | OK | ||||
| r-release-macos-x86_64 | 1.0.2 | 10.00 | 86.00 | 96.00 | OK | |
| r-release-windows-x86_64 | 1.0.2 | 11.00 | 102.00 | 113.00 | OK | |
| r-oldrel-macos-arm64 | 1.0.2 | OK | ||||
| r-oldrel-macos-x86_64 | 1.0.2 | 7.00 | 57.00 | 64.00 | OK | |
| r-oldrel-windows-x86_64 | 1.0.2 | 13.00 | 103.00 | 116.00 | OK |
Version: 1.0.2
Check: CRAN incoming feasibility
Result: NOTE
Maintainer: ‘Stefan Wellek <stefan.wellek@zi-mannheim.de>’
No Authors@R field in DESCRIPTION.
Please add one, modifying
Authors@R: c(person(given = "Stefan",
family = "Wellek",
role = c("aut", "cre"),
email = "stefan.wellek@zi-mannheim.de"),
person(given = "Peter",
family = "Ziegler",
role = "aut"))
as necessary.
Flavors: r-devel-linux-x86_64-debian-clang, r-devel-linux-x86_64-debian-gcc