CRAN Package Check Results for Package EM.Fuzzy

Last updated on 2025-05-15 18:50:46 CEST.

Flavor Version Tinstall Tcheck Ttotal Status Flags
r-devel-linux-x86_64-debian-clang 1.0 4.19 39.16 43.35 NOTE
r-devel-linux-x86_64-debian-gcc 1.0 2.98 28.05 31.03 NOTE
r-devel-linux-x86_64-fedora-clang 1.0 69.52 OK
r-devel-linux-x86_64-fedora-gcc 1.0 65.91 OK
r-devel-windows-x86_64 1.0 5.00 60.00 65.00 OK
r-patched-linux-x86_64 1.0 3.75 37.46 41.21 OK
r-release-linux-x86_64 1.0 4.04 37.20 41.24 OK
r-release-macos-arm64 1.0 23.00 OK
r-release-macos-x86_64 1.0 40.00 OK
r-release-windows-x86_64 1.0 5.00 61.00 66.00 OK
r-oldrel-macos-arm64 1.0 22.00 OK
r-oldrel-macos-x86_64 1.0 33.00 OK
r-oldrel-windows-x86_64 1.0 5.00 65.00 70.00 OK

Check Details

Version: 1.0
Check: CRAN incoming feasibility
Result: NOTE Maintainer: ‘Abbas Parchami <parchami@uk.ac.ir>’ No Authors@R field in DESCRIPTION. Please add one, modifying Authors@R: person(given = "Abbas", family = "Parchami", role = c("aut", "cre"), email = "parchami@uk.ac.ir", comment = "Department of Statistics, Faculty of Mathematics and Computer, Shahid Bahonar University of Kerman, Kerman, Iran") as necessary. Flavors: r-devel-linux-x86_64-debian-clang, r-devel-linux-x86_64-debian-gcc