CRAN Package Check Results for Package ELMSO

Last updated on 2025-02-10 17:49:09 CET.

Flavor Version Tinstall Tcheck Ttotal Status Flags
r-devel-linux-x86_64-debian-clang 1.0.1 1.77 18.08 19.85 OK
r-devel-linux-x86_64-debian-gcc 1.0.1 1.30 14.86 16.16 OK
r-devel-linux-x86_64-fedora-clang 1.0.1 32.46 OK
r-devel-linux-x86_64-fedora-gcc 1.0.1 30.78 OK
r-devel-windows-x86_64 1.0.1 3.00 38.00 41.00 OK
r-patched-linux-x86_64 1.0.1 1.74 17.16 18.90 NOTE
r-release-linux-x86_64 1.0.1 1.74 17.15 18.89 NOTE
r-release-macos-arm64 1.0.1 13.00 NOTE
r-release-macos-x86_64 1.0.1 21.00 NOTE
r-release-windows-x86_64 1.0.1 4.00 38.00 42.00 NOTE
r-oldrel-macos-arm64 1.0.1 16.00 NOTE
r-oldrel-macos-x86_64 1.0.1 19.00 NOTE
r-oldrel-windows-x86_64 1.0.1 4.00 37.00 41.00 NOTE

Check Details

Version: 1.0.1
Check: LazyData
Result: NOTE 'LazyData' is specified without a 'data' directory Flavors: r-patched-linux-x86_64, r-release-linux-x86_64, r-release-macos-arm64, r-release-macos-x86_64, r-release-windows-x86_64, r-oldrel-macos-arm64, r-oldrel-macos-x86_64, r-oldrel-windows-x86_64