Last updated on 2025-11-26 05:51:33 CET.
| Flavor | Version | Tinstall | Tcheck | Ttotal | Status | Flags |
|---|---|---|---|---|---|---|
| r-devel-linux-x86_64-debian-clang | 1.1.2 | 2.20 | 22.07 | 24.27 | NOTE | |
| r-devel-linux-x86_64-debian-gcc | 1.1.2 | 1.77 | 17.92 | 19.69 | NOTE | |
| r-devel-linux-x86_64-fedora-clang | 1.1.2 | 36.48 | OK | |||
| r-devel-linux-x86_64-fedora-gcc | 1.1.2 | 34.26 | OK | |||
| r-devel-windows-x86_64 | 1.1.2 | 5.00 | 40.00 | 45.00 | OK | |
| r-patched-linux-x86_64 | 1.1.2 | 2.59 | 20.81 | 23.40 | OK | |
| r-release-linux-x86_64 | 1.1.2 | 2.17 | 20.93 | 23.10 | OK | |
| r-release-macos-arm64 | 1.1.2 | OK | ||||
| r-release-macos-x86_64 | 1.1.2 | 2.00 | 25.00 | 27.00 | OK | |
| r-release-windows-x86_64 | 1.1.2 | 5.00 | 49.00 | 54.00 | OK | |
| r-oldrel-macos-arm64 | 1.1.2 | OK | ||||
| r-oldrel-macos-x86_64 | 1.1.2 | 3.00 | 28.00 | 31.00 | OK | |
| r-oldrel-windows-x86_64 | 1.1.2 | 6.00 | 44.00 | 50.00 | OK |
Version: 1.1.2
Check: CRAN incoming feasibility
Result: NOTE
Maintainer: ‘Hyukpyo Hong <hphong@kaist.ac.kr>’
No Authors@R field in DESCRIPTION.
Please add one, modifying
Authors@R: c(person(given = "Hyukpyo",
family = "Hong",
role = c("aut", "cre"),
email = "hphong@kaist.ac.kr"),
person(given = "Boseung",
family = "Choi",
role = "aut"),
person(given = c("Jae", "Kyoung"),
family = "Kim",
role = "aut"))
as necessary.
Flavors: r-devel-linux-x86_64-debian-clang, r-devel-linux-x86_64-debian-gcc