Last updated on 2025-11-26 05:51:32 CET.
| Flavor | Version | Tinstall | Tcheck | Ttotal | Status | Flags |
|---|---|---|---|---|---|---|
| r-devel-linux-x86_64-debian-clang | 0.12 | 17.70 | 137.90 | 155.60 | NOTE | |
| r-devel-linux-x86_64-debian-gcc | 0.12 | 11.88 | 88.17 | 100.05 | NOTE | |
| r-devel-linux-x86_64-fedora-clang | 0.12 | 36.00 | 212.86 | 248.86 | OK | |
| r-devel-linux-x86_64-fedora-gcc | 0.12 | 36.00 | 187.29 | 223.29 | OK | |
| r-devel-windows-x86_64 | 0.12 | 22.00 | 161.00 | 183.00 | OK | |
| r-patched-linux-x86_64 | 0.12 | 20.49 | 124.71 | 145.20 | OK | |
| r-release-linux-x86_64 | 0.12 | 16.73 | 125.55 | 142.28 | OK | |
| r-release-macos-arm64 | 0.12 | OK | ||||
| r-release-macos-x86_64 | 0.12 | 16.00 | 98.00 | 114.00 | OK | |
| r-release-windows-x86_64 | 0.12 | 19.00 | 161.00 | 180.00 | OK | |
| r-oldrel-macos-arm64 | 0.12 | OK | ||||
| r-oldrel-macos-x86_64 | 0.12 | 11.00 | 69.00 | 80.00 | OK | |
| r-oldrel-windows-x86_64 | 0.12 | 30.00 | 202.00 | 232.00 | OK |
Version: 0.12
Check: CRAN incoming feasibility
Result: NOTE
Maintainer: ‘Dinesh Acharya <dines.acharya@gmail.com>’
No Authors@R field in DESCRIPTION.
Please add one, modifying
Authors@R: person(given = "Dinesh",
family = "Acharya",
role = c("aut", "cre"),
email = "dines.acharya@gmail.com")
as necessary.
Flavors: r-devel-linux-x86_64-debian-clang, r-devel-linux-x86_64-debian-gcc