Last updated on 2025-02-05 17:49:54 CET.
Flavor | Version | Tinstall | Tcheck | Ttotal | Status | Flags |
---|---|---|---|---|---|---|
r-devel-linux-x86_64-debian-clang | 0.1.3 | 2.61 | 35.08 | 37.69 | NOTE | |
r-devel-linux-x86_64-debian-gcc | 0.1.3 | 2.02 | 27.48 | 29.50 | NOTE | |
r-devel-linux-x86_64-fedora-clang | 0.1.3 | 63.07 | NOTE | |||
r-devel-linux-x86_64-fedora-gcc | 0.1.3 | 71.23 | NOTE | |||
r-devel-windows-x86_64 | 0.1.3 | 4.00 | 59.00 | 63.00 | NOTE | |
r-patched-linux-x86_64 | 0.1.3 | 3.33 | 33.37 | 36.70 | NOTE | |
r-release-linux-x86_64 | 0.1.3 | 3.14 | 33.61 | 36.75 | NOTE | |
r-release-macos-arm64 | 0.1.3 | 29.00 | NOTE | |||
r-release-macos-x86_64 | 0.1.3 | 43.00 | NOTE | |||
r-release-windows-x86_64 | 0.1.3 | 5.00 | 58.00 | 63.00 | NOTE | |
r-oldrel-macos-arm64 | 0.1.3 | 28.00 | OK | |||
r-oldrel-macos-x86_64 | 0.1.3 | 41.00 | OK | |||
r-oldrel-windows-x86_64 | 0.1.3 | 6.00 | 62.00 | 68.00 | OK |
Version: 0.1.3
Check: Rd files
Result: NOTE
checkRd: (-1) simulate_diff_tables.Rd:72: Lost braces; missing escapes or markup?
72 | {The Sharma-Song test} {\code{\link[DiffXTables]{sharma.song.test}}}
| ^
checkRd: (-1) simulate_diff_tables.Rd:74: Lost braces; missing escapes or markup?
74 | {The comparative chi-squared test} {\code{\link[DiffXTables]{cp.chisq.test}}}
| ^
checkRd: (-1) simulate_diff_tables.Rd:76: Lost braces; missing escapes or markup?
76 | {The heterogeneity test} {\code{\link[DiffXTables]{heterogeneity.test}}}
| ^
Flavors: r-devel-linux-x86_64-debian-clang, r-devel-linux-x86_64-debian-gcc, r-devel-linux-x86_64-fedora-clang, r-devel-linux-x86_64-fedora-gcc, r-devel-windows-x86_64, r-patched-linux-x86_64, r-release-linux-x86_64, r-release-macos-arm64, r-release-macos-x86_64, r-release-windows-x86_64