Last updated on 2024-06-15 17:57:31 CEST.
Flavor | Version | Tinstall | Tcheck | Ttotal | Status | Flags |
---|---|---|---|---|---|---|
r-devel-linux-x86_64-debian-clang | 2.2-0 | 5.83 | 58.98 | 64.81 | OK | |
r-devel-linux-x86_64-debian-gcc | 2.2-0 | 5.19 | 44.08 | 49.27 | OK | |
r-devel-linux-x86_64-fedora-clang | 2.2-0 | 85.37 | OK | |||
r-devel-linux-x86_64-fedora-gcc | 2.2-0 | 125.40 | OK | |||
r-devel-windows-x86_64 | 2.2-0 | 7.00 | 64.00 | 71.00 | OK | |
r-patched-linux-x86_64 | 2.2-0 | 7.88 | 56.27 | 64.15 | OK | |
r-release-linux-x86_64 | 2.2-0 | 5.55 | 56.67 | 62.22 | OK | |
r-release-macos-arm64 | 2.2-0 | 33.00 | NOTE | |||
r-release-macos-x86_64 | 2.2-0 | 52.00 | NOTE | |||
r-release-windows-x86_64 | 2.2-0 | 7.00 | 77.00 | 84.00 | ERROR | |
r-oldrel-macos-arm64 | 2.2-0 | 47.00 | OK | |||
r-oldrel-macos-x86_64 | 2.2-0 | 92.00 | OK | |||
r-oldrel-windows-x86_64 | 2.2-0 | 8.00 | 73.00 | 81.00 | OK |
Version: 2.2-0
Check: package dependencies
Result: NOTE
Package suggested but not available for checking: ‘rlibkriging’
Flavors: r-release-macos-arm64, r-release-macos-x86_64
Version: 2.2-0
Check: for unstated dependencies in examples
Result: WARN
Mingw-w64 runtime failure:
VirtualProtect failed with code 0x5af
Flavor: r-release-windows-x86_64
Version: 2.2-0
Check: examples
Result: ERROR
Running massageExamples to create 'DiceView-Ex.R' failed
NONE
Flavor: r-release-windows-x86_64
Version: 2.2-0
Check: PDF version of manual
Result: WARN
LaTeX errors when creating PDF version.
This typically indicates Rd problems.
Flavor: r-release-windows-x86_64
Version: 2.2-0
Check: PDF version of manual without index
Result: ERROR
Re-running with no redirection of stdout/stderr.
Flavor: r-release-windows-x86_64