Last updated on 2025-02-10 17:49:08 CET.
Flavor | Version | Tinstall | Tcheck | Ttotal | Status | Flags |
---|---|---|---|---|---|---|
r-devel-linux-x86_64-debian-clang | 0.2.0.3 | 2.68 | 21.87 | 24.55 | OK | |
r-devel-linux-x86_64-debian-gcc | 0.2.0.3 | 1.88 | 16.96 | 18.84 | OK | |
r-devel-linux-x86_64-fedora-clang | 0.2.0.3 | 40.76 | OK | |||
r-devel-linux-x86_64-fedora-gcc | 0.2.0.3 | 37.83 | OK | |||
r-devel-windows-x86_64 | 0.2.0.3 | 6.00 | 45.00 | 51.00 | OK | |
r-patched-linux-x86_64 | 0.2.0.3 | 2.77 | 20.58 | 23.35 | NOTE | |
r-release-linux-x86_64 | 0.2.0.3 | 2.85 | 20.79 | 23.64 | NOTE | |
r-release-macos-arm64 | 0.2.0.3 | 16.00 | NOTE | |||
r-release-macos-x86_64 | 0.2.0.3 | 23.00 | NOTE | |||
r-release-windows-x86_64 | 0.2.0.3 | 5.00 | 43.00 | 48.00 | NOTE | |
r-oldrel-macos-arm64 | 0.2.0.3 | 16.00 | NOTE | |||
r-oldrel-macos-x86_64 | 0.2.0.3 | 23.00 | NOTE | |||
r-oldrel-windows-x86_64 | 0.2.0.3 | 4.00 | 45.00 | 49.00 | NOTE |
Version: 0.2.0.3
Check: LazyData
Result: NOTE
'LazyData' is specified without a 'data' directory
Flavors: r-patched-linux-x86_64, r-release-linux-x86_64, r-release-macos-arm64, r-release-macos-x86_64, r-release-windows-x86_64, r-oldrel-macos-arm64, r-oldrel-macos-x86_64, r-oldrel-windows-x86_64