Last updated on 2025-11-26 05:51:31 CET.
| Flavor | Version | Tinstall | Tcheck | Ttotal | Status | Flags |
|---|---|---|---|---|---|---|
| r-devel-linux-x86_64-debian-clang | 0.1.5 | 4.50 | 47.36 | 51.86 | NOTE | |
| r-devel-linux-x86_64-debian-gcc | 0.1.5 | 3.74 | 37.69 | 41.43 | NOTE | |
| r-devel-linux-x86_64-fedora-clang | 0.1.5 | 10.00 | 70.66 | 80.66 | NOTE | |
| r-devel-linux-x86_64-fedora-gcc | 0.1.5 | 11.00 | 78.01 | 89.01 | NOTE | |
| r-devel-windows-x86_64 | 0.1.5 | 8.00 | 68.00 | 76.00 | NOTE | |
| r-patched-linux-x86_64 | 0.1.5 | 4.18 | 44.23 | 48.41 | NOTE | |
| r-release-linux-x86_64 | 0.1.5 | 4.77 | 44.99 | 49.76 | NOTE | |
| r-release-macos-arm64 | 0.1.5 | NOTE | ||||
| r-release-macos-x86_64 | 0.1.5 | 4.00 | 67.00 | 71.00 | NOTE | |
| r-release-windows-x86_64 | 0.1.5 | 8.00 | 80.00 | 88.00 | NOTE | |
| r-oldrel-macos-arm64 | 0.1.5 | NOTE | ||||
| r-oldrel-macos-x86_64 | 0.1.5 | 4.00 | 56.00 | 60.00 | NOTE | |
| r-oldrel-windows-x86_64 | 0.1.5 | 9.00 | 85.00 | 94.00 | NOTE |
Version: 0.1.5
Check: Rd files
Result: NOTE
checkRd: (-1) data_edit.Rd:137: Lost braces
137 | code{data_edit} is a shiny application built on \code{rhandsontable} that is
| ^
Flavors: r-devel-linux-x86_64-debian-clang, r-devel-linux-x86_64-debian-gcc, r-devel-linux-x86_64-fedora-clang, r-devel-linux-x86_64-fedora-gcc, r-devel-windows-x86_64, r-patched-linux-x86_64, r-release-linux-x86_64, r-release-macos-arm64, r-release-macos-x86_64, r-release-windows-x86_64, r-oldrel-macos-arm64, r-oldrel-macos-x86_64, r-oldrel-windows-x86_64