Last updated on 2025-02-05 17:49:54 CET.
Flavor | Version | Tinstall | Tcheck | Ttotal | Status | Flags |
---|---|---|---|---|---|---|
r-devel-linux-x86_64-debian-clang | 0.3.0 | 6.31 | 53.19 | 59.50 | OK | |
r-devel-linux-x86_64-debian-gcc | 0.3.0 | 5.29 | 38.45 | 43.74 | OK | |
r-devel-linux-x86_64-fedora-clang | 0.3.0 | 100.40 | OK | |||
r-devel-linux-x86_64-fedora-gcc | 0.3.0 | 86.52 | OK | |||
r-devel-windows-x86_64 | 0.3.0 | 8.00 | 66.00 | 74.00 | OK | |
r-patched-linux-x86_64 | 0.3.0 | 5.91 | 48.04 | 53.95 | NOTE | |
r-release-linux-x86_64 | 0.3.0 | 5.67 | 48.24 | 53.91 | NOTE | |
r-release-macos-arm64 | 0.3.0 | 28.00 | NOTE | |||
r-release-macos-x86_64 | 0.3.0 | 42.00 | NOTE | |||
r-release-windows-x86_64 | 0.3.0 | 7.00 | 64.00 | 71.00 | NOTE | |
r-oldrel-macos-arm64 | 0.3.0 | 33.00 | NOTE | |||
r-oldrel-macos-x86_64 | 0.3.0 | 49.00 | NOTE | |||
r-oldrel-windows-x86_64 | 0.3.0 | 9.00 | 78.00 | 87.00 | NOTE |
Version: 0.3.0
Check: LazyData
Result: NOTE
'LazyData' is specified without a 'data' directory
Flavors: r-patched-linux-x86_64, r-release-linux-x86_64, r-release-macos-arm64, r-release-macos-x86_64, r-release-windows-x86_64, r-oldrel-macos-arm64, r-oldrel-macos-x86_64, r-oldrel-windows-x86_64