CRAN Package Check Results for Package DYM

Last updated on 2025-11-04 13:50:13 CET.

Flavor Version Tinstall Tcheck Ttotal Status Flags
r-devel-linux-x86_64-debian-clang 0.2 1.65 20.18 21.83 NOTE
r-devel-linux-x86_64-debian-gcc 0.2 1.42 16.62 18.04 NOTE
r-devel-linux-x86_64-fedora-clang 0.2 32.67 OK
r-devel-linux-x86_64-fedora-gcc 0.2 30.56 OK
r-devel-windows-x86_64 0.2 2.00 39.00 41.00 OK
r-patched-linux-x86_64 0.2 1.82 19.16 20.98 OK
r-release-linux-x86_64 0.2 1.44 18.98 20.42 OK
r-release-macos-arm64 0.2 1.00 18.00 19.00 OK
r-release-macos-x86_64 0.2 2.00 21.00 23.00 OK
r-release-windows-x86_64 0.2 3.00 38.00 41.00 OK
r-oldrel-macos-arm64 0.2 1.00 13.00 14.00 OK
r-oldrel-macos-x86_64 0.2 1.00 19.00 20.00 OK
r-oldrel-windows-x86_64 0.2 3.00 44.00 47.00 OK

Check Details

Version: 0.2
Check: CRAN incoming feasibility
Result: NOTE Maintainer: ‘Kosei Abe <mail@recyclebin.jp>’ No Authors@R field in DESCRIPTION. Please add one, modifying Authors@R: c(person(given = "Kosei", family = "Abe", role = c("aut", "cre"), email = "mail@recyclebin.jp"), person(given = "Richard", family = "Cotton", role = "ctb")) as necessary. Flavors: r-devel-linux-x86_64-debian-clang, r-devel-linux-x86_64-debian-gcc