Last updated on 2025-05-15 18:50:46 CEST.
Flavor | Version | Tinstall | Tcheck | Ttotal | Status | Flags |
---|---|---|---|---|---|---|
r-devel-linux-x86_64-debian-clang | 1.1 | 10.17 | 81.95 | 92.12 | NOTE | |
r-devel-linux-x86_64-debian-gcc | 1.1 | 7.63 | 62.10 | 69.73 | NOTE | |
r-devel-linux-x86_64-fedora-clang | 1.1 | 151.41 | OK | |||
r-devel-linux-x86_64-fedora-gcc | 1.1 | 135.03 | OK | |||
r-devel-windows-x86_64 | 1.1 | 11.00 | 98.00 | 109.00 | OK | |
r-patched-linux-x86_64 | 1.1 | 10.05 | 79.24 | 89.29 | OK | |
r-release-linux-x86_64 | 1.1 | 10.42 | 78.97 | 89.39 | OK | |
r-release-macos-arm64 | 1.1 | 48.00 | OK | |||
r-release-macos-x86_64 | 1.1 | 86.00 | OK | |||
r-release-windows-x86_64 | 1.1 | 11.00 | 90.00 | 101.00 | OK | |
r-oldrel-macos-arm64 | 1.1 | 41.00 | OK | |||
r-oldrel-macos-x86_64 | 1.1 | 63.00 | OK | |||
r-oldrel-windows-x86_64 | 1.1 | 14.00 | 108.00 | 122.00 | OK |
Version: 1.1
Check: CRAN incoming feasibility
Result: NOTE
Maintainer: ‘Yuan Chen <irene.yuan.chen@gmail.com>’
No Authors@R field in DESCRIPTION.
Please add one, modifying
Authors@R: c(person(given = "Yuan",
family = "Chen",
role = c("aut", "cre"),
email = "irene.yuan.chen@gmail.com"),
person(given = "Ying",
family = "Liu",
role = "aut"),
person(given = "Donglin",
family = "Zeng",
role = "aut"),
person(given = "Yuanjia",
family = "Wang",
role = "aut"))
as necessary.
Flavors: r-devel-linux-x86_64-debian-clang, r-devel-linux-x86_64-debian-gcc