CRAN Package Check Results for Package DTAT

Last updated on 2025-06-30 18:49:39 CEST.

Flavor Version Tinstall Tcheck Ttotal Status Flags
r-devel-linux-x86_64-debian-clang 0.3-7 15.77 151.50 167.27 NOTE
r-devel-linux-x86_64-debian-gcc 0.3-7 9.82 106.26 116.08 NOTE
r-devel-linux-x86_64-fedora-clang 0.3-7 246.73 OK
r-devel-linux-x86_64-fedora-gcc 0.3-7 257.78 OK
r-devel-windows-x86_64 0.3-7 15.00 183.00 198.00 NOTE
r-patched-linux-x86_64 NOTE
r-release-linux-x86_64 0.3-7 13.39 141.39 154.78 NOTE
r-release-macos-arm64 0.3-7 88.00 OK
r-release-macos-x86_64 0.3-7 145.00 OK
r-release-windows-x86_64 0.3-7 17.00 187.00 204.00 NOTE
r-oldrel-macos-arm64 0.3-7 80.00 OK
r-oldrel-macos-x86_64 0.3-7 119.00 OK
r-oldrel-windows-x86_64 0.3-7 22.00 223.00 245.00 OK

Check Details

Version: 0.3-7
Check: Rd cross-references
Result: NOTE Found the following Rd file(s) with Rd \link{} targets missing package anchors: Onoue.Friberg.Rd: pomp Please provide package anchors for all Rd \link{} targets not in the package itself and the base packages. Flavors: r-devel-linux-x86_64-debian-clang, r-devel-linux-x86_64-debian-gcc, r-devel-windows-x86_64, r-patched-linux-x86_64, r-release-linux-x86_64, r-release-windows-x86_64