Last updated on 2025-02-10 17:49:09 CET.
Flavor | Version | Tinstall | Tcheck | Ttotal | Status | Flags |
---|---|---|---|---|---|---|
r-devel-linux-x86_64-debian-clang | 0.1.2 | 32.82 | 45.01 | 77.83 | OK | |
r-devel-linux-x86_64-debian-gcc | 0.1.2 | 25.53 | 32.32 | 57.85 | OK | |
r-devel-linux-x86_64-fedora-clang | 0.1.2 | 137.11 | OK | |||
r-devel-linux-x86_64-fedora-gcc | 0.1.2 | 159.32 | OK | |||
r-devel-windows-x86_64 | 0.1.2 | 38.00 | 84.00 | 122.00 | OK | |
r-patched-linux-x86_64 | 0.1.2 | 37.40 | 43.04 | 80.44 | OK | |
r-release-linux-x86_64 | 0.1.2 | 36.73 | 43.01 | 79.74 | OK | |
r-release-macos-arm64 | 0.1.2 | 42.00 | NOTE | |||
r-release-macos-x86_64 | 0.1.2 | 72.00 | NOTE | |||
r-release-windows-x86_64 | 0.1.2 | 34.00 | 86.00 | 120.00 | OK | |
r-oldrel-macos-arm64 | 0.1.2 | 49.00 | NOTE | |||
r-oldrel-macos-x86_64 | 0.1.2 | 84.00 | NOTE | |||
r-oldrel-windows-x86_64 | 0.1.2 | 46.00 | 98.00 | 144.00 | OK |
Version: 0.1.2
Check: installed package size
Result: NOTE
installed size is 6.3Mb
sub-directories of 1Mb or more:
libs 5.7Mb
Flavors: r-release-macos-arm64, r-release-macos-x86_64, r-oldrel-macos-arm64, r-oldrel-macos-x86_64