CRAN Package Check Results for Package DOSPortfolio

Last updated on 2025-11-25 17:49:48 CET.

Flavor Version Tinstall Tcheck Ttotal Status Flags
r-devel-linux-x86_64-debian-clang 0.1.0 1.99 30.12 32.11 NOTE
r-devel-linux-x86_64-debian-gcc 0.1.0 1.49 24.88 26.37 NOTE
r-devel-linux-x86_64-fedora-clang 0.1.0 47.13 OK
r-devel-linux-x86_64-fedora-gcc 0.1.0 57.65 OK
r-devel-windows-x86_64 0.1.0 5.00 48.00 53.00 OK
r-patched-linux-x86_64 0.1.0 2.06 27.25 29.31 OK
r-release-linux-x86_64 0.1.0 1.69 27.44 29.13 OK
r-release-macos-arm64 0.1.0 OK
r-release-macos-x86_64 0.1.0 2.00 43.00 45.00 OK
r-release-windows-x86_64 0.1.0 5.00 48.00 53.00 OK
r-oldrel-macos-arm64 0.1.0 OK
r-oldrel-macos-x86_64 0.1.0 2.00 36.00 38.00 OK
r-oldrel-windows-x86_64 0.1.0 4.00 55.00 59.00 OK

Check Details

Version: 0.1.0
Check: CRAN incoming feasibility
Result: NOTE Maintainer: ‘Erik Thorsén <erik.thorsen@math.su.se>’ The Description field contains (<arXiv:2106.02131>). Two dynamic shrinkage estimators are available Please refer to arXiv e-prints via their arXiv DOI <doi:10.48550/arXiv.YYMM.NNNNN>. Flavors: r-devel-linux-x86_64-debian-clang, r-devel-linux-x86_64-debian-gcc